{"id":15315,"date":"2023-08-22T09:16:52","date_gmt":"2023-08-22T09:16:52","guid":{"rendered":"https:\/\/gervi.be\/veelgestelde-vragen\/ventilation-dans-le-sauna\/"},"modified":"2023-11-20T14:38:18","modified_gmt":"2023-11-20T14:38:18","slug":"ventilation-dans-le-sauna","status":"publish","type":"veelgestelde-vragen","link":"https:\/\/gervi.be\/fr\/questions-fr\u00e9quemment-pos\u00e9es\/ventilation-dans-le-sauna\/","title":{"rendered":"Ventilation dans le sauna"},"content":{"rendered":"<header class=\"hkb-article__header\">\n<header class=\"hkb-article__header\">\n<h1 class=\"hkb-article__title\">Ventilation dans le sauna<\/h1>\n<\/header>\n<div class=\"hkb-article__content\">\n<p>Faut-il ventiler un <a href=\"https:\/\/gervi.be\/fr\/product-categorie\/sauna-fr\/\">sauna<\/a>? Oui, absolument ! En outre, pour que le sauna soit agr\u00e9able, il est n\u00e9cessaire que la pi\u00e8ce dans laquelle il se trouve soit bien ventil\u00e9e. Pourquoi cette question ? En effet, pour se sentir <strong>bien dans la cabine de sauna chaud, il<\/strong> est essentiel que l <strong>&#8216;apport d&#8217;oxyg\u00e8ne frais soit suffisant<\/strong>. Par exemple, le sauna dans lequel vous faites une s\u00e9ance de sauna est-il mal ventil\u00e9 ? Dans ce cas, il y a de fortes chances que vous vous sentiez mal.<\/p>\n<p>Pour que l&#8217;apport en oxyg\u00e8ne soit suffisant, la pi\u00e8ce doit donc \u00eatre bien ventil\u00e9e. Cela permet \u00e0 l&#8217;oxyg\u00e8ne frais de circuler en quantit\u00e9 suffisante dans la cabine par la fente qui se trouve en standard sous ou au-dessus de la porte du sauna.<\/p>\n<p>Mais qu&#8217;entend-on par une bonne ventilation dans le sauna ? Supposons que votre <a href=\"https:\/\/gervi.be\/fr\/product-categorie\/sauna-fr\/\">sauna<\/a> soit install\u00e9 dans une pi\u00e8ce dot\u00e9e d&#8217;une ou plusieurs fen\u00eatres que vous pouvez ouvrir. Vous pouvez alors supposer que cette pi\u00e8ce est suffisamment ventil\u00e9e pour permettre une visite agr\u00e9able au sauna. A condition, bien s\u00fbr, d&#8217;ouvrir r\u00e9guli\u00e8rement les fen\u00eatres.<\/p>\n<p>Une autre option consiste \u00e0 installer votre sauna dans votre sous-sol, par exemple. Un sous-sol est le plus souvent une pi\u00e8ce sans fen\u00eatre, ce qui est \u00e9galement souvent le cas d&#8217;un grenier. N&#8217;y a-t-il pas de fen\u00eatres dans la pi\u00e8ce o\u00f9 votre sauna a \u00e9t\u00e9 install\u00e9 ? Il est ensuite important de r\u00e9fl\u00e9chir \u00e0 la ventilation du sauna. Si vous ne prenez pas de mesures suppl\u00e9mentaires, l&#8217;apport d&#8217;oxyg\u00e8ne peut effectivement \u00eatre insuffisant, ce qui peut rendre l&#8217;exp\u00e9rience du sauna, telle que d\u00e9crite ci-dessus, d\u00e9sagr\u00e9able.<\/p>\n<p>Dans ce cas, comment s&#8217;assurer que la ventilation reste suffisante ? Dans ce cas, vous pouvez vous rendre dans l&#8217;un de nos <a href=\"https:\/\/gervi.be\/fr\/salles-dexposition\/\">6 showrooms Gervi Wellness<\/a> pour obtenir des conseils appropri\u00e9s. Nous travaillerons ensuite avec vous pour trouver l&#8217;endroit id\u00e9al pour installer un trou d&#8217;a\u00e9ration. Celui-ci a g\u00e9n\u00e9ralement un diam\u00e8tre d&#8217;au moins 20 cm et est reli\u00e9 \u00e0 l&#8217;ext\u00e9rieur et\/ou \u00e0 un autre endroit tr\u00e8s bien ventil\u00e9.<\/p>\n<p>Enfin, il existe \u00e9galement des saunas dot\u00e9s d&#8217;un syst\u00e8me de ventilation int\u00e9gr\u00e9 (suppl\u00e9mentaire). Cela permet d&#8217;am\u00e9liorer encore la qualit\u00e9 de l&#8217;air dans la <a href=\"https:\/\/gervi.be\/fr\/product-categorie\/sauna-fr\/\">cabine de sauna<\/a>. Vous vous demandez si un sauna est bon pour la sant\u00e9 ? N&#8217;h\u00e9sitez pas \u00e0 consulter <a href=\"https:\/\/gervi.be\/fr\/questions-fr%C3%A9quemment-pos%C3%A9es\/le-sauna-est-il-bon-pour-la-sante\/\">notre article<\/a>.<\/p>\n<\/div>\n<\/header>\n","protected":false},"featured_media":0,"parent":0,"template":"","meta":{"_acf_changed":false,"_uag_custom_page_level_css":"","site-sidebar-layout":"default","site-content-layout":"default","ast-site-content-layout":"default","site-content-style":"default","site-sidebar-style":"default","ast-global-header-display":"","ast-banner-title-visibility":"","ast-main-header-display":"","ast-hfb-above-header-display":"","ast-hfb-below-header-display":"","ast-hfb-mobile-header-display":"","site-post-title":"","ast-breadcrumbs-content":"","ast-featured-img":"","footer-sml-layout":"","ast-disable-related-posts":"","theme-transparent-header-meta":"default","adv-header-id-meta":"","stick-header-meta":"","header-above-stick-meta":"","header-main-stick-meta":"","header-below-stick-meta":"","astra-migrate-meta-layouts":"set","ast-page-background-enabled":"default","ast-page-background-meta":{"desktop":{"background-color":"","background-image":"","background-repeat":"repeat","background-position":"center center","background-size":"auto","background-attachment":"scroll","background-type":"","background-media":"","overlay-type":"","overlay-color":"","overlay-opacity":"","overlay-gradient":""},"tablet":{"background-color":"","background-image":"","background-repeat":"repeat","background-position":"center center","background-size":"auto","background-attachment":"scroll","background-type":"","background-media":"","overlay-type":"","overlay-color":"","overlay-opacity":"","overlay-gradient":""},"mobile":{"background-color":"","background-image":"","background-repeat":"repeat","background-position":"center center","background-size":"auto","background-attachment":"scroll","background-type":"","background-media":"","overlay-type":"","overlay-color":"","overlay-opacity":"","overlay-gradient":""}},"ast-content-background-meta":{"desktop":{"background-color":"var(--ast-global-color-5)","background-image":"","background-repeat":"repeat","background-position":"center center","background-size":"auto","background-attachment":"scroll","background-type":"","background-media":"","overlay-type":"","overlay-color":"","overlay-opacity":"","overlay-gradient":""},"tablet":{"background-color":"var(--ast-global-color-5)","background-image":"","background-repeat":"repeat","background-position":"center center","background-size":"auto","background-attachment":"scroll","background-type":"","background-media":"","overlay-type":"","overlay-color":"","overlay-opacity":"","overlay-gradient":""},"mobile":{"background-color":"var(--ast-global-color-5)","background-image":"","background-repeat":"repeat","background-position":"center center","background-size":"auto","background-attachment":"scroll","background-type":"","background-media":"","overlay-type":"","overlay-color":"","overlay-opacity":"","overlay-gradient":""}}},"faq-categorie":[1173],"class_list":["post-15315","veelgestelde-vragen","type-veelgestelde-vragen","status-publish","hentry","faq-categorie-sauna-fr"],"acf":[],"uagb_featured_image_src":{"full":false,"thumbnail":false,"medium":false,"medium_large":false,"large":false,"1536x1536":false,"2048x2048":false,"woocommerce_thumbnail":false,"woocommerce_single":false,"woocommerce_gallery_thumbnail":false,"dgwt-wcas-product-suggestion":false},"uagb_author_info":{"display_name":"Marjolein Nijs","author_link":"https:\/\/gervi.be\/fr\/author\/"},"uagb_comment_info":0,"uagb_excerpt":"Ventilation dans le sauna Faut-il ventiler un sauna? Oui, absolument ! En outre, pour que le sauna soit agr\u00e9able, il est n\u00e9cessaire que la pi\u00e8ce dans laquelle il se trouve soit bien ventil\u00e9e. Pourquoi cette question ? En effet, pour se sentir bien dans la cabine de sauna chaud, il est essentiel que l &#8216;apport\u2026","_links":{"self":[{"href":"https:\/\/gervi.be\/fr\/wp-json\/wp\/v2\/veelgestelde-vragen\/15315","targetHints":{"allow":["GET"]}}],"collection":[{"href":"https:\/\/gervi.be\/fr\/wp-json\/wp\/v2\/veelgestelde-vragen"}],"about":[{"href":"https:\/\/gervi.be\/fr\/wp-json\/wp\/v2\/types\/veelgestelde-vragen"}],"wp:attachment":[{"href":"https:\/\/gervi.be\/fr\/wp-json\/wp\/v2\/media?parent=15315"}],"wp:term":[{"taxonomy":"faq-categorie","embeddable":true,"href":"https:\/\/gervi.be\/fr\/wp-json\/wp\/v2\/faq-categorie?post=15315"}],"curies":[{"name":"wp","href":"https:\/\/api.w.org\/{rel}","templated":true}]}}

https://gervi.be/fr/questions-fréquemment-posées/ventilation-dans-le-sauna/

<header class="hkb-article__header">
<header class="hkb-article__header">
<h1 class="hkb-article__title">Ventilation dans le sauna</h1>
</header>
<div class="hkb-article__content">
<p>Faut-il ventiler un <a href="https://gervi.be/fr/product-categorie/sauna-fr/">sauna</a>? Oui, absolument ! En outre, pour que le sauna soit agréable, il est nécessaire que la pièce dans laquelle il se trouve soit bien ventilée. Pourquoi cette question ? En effet, pour se sentir <strong>bien dans la cabine de sauna chaud, il</strong> est essentiel que l <strong>&#8216;apport d&#8217;oxygène frais soit suffisant</strong>. Par exemple, le sauna dans lequel vous faites une séance de sauna est-il mal ventilé ? Dans ce cas, il y a de fortes chances que vous vous sentiez mal.</p>
<p>Pour que l&#8217;apport en oxygène soit suffisant, la pièce doit donc être bien ventilée. Cela permet à l&#8217;oxygène frais de circuler en quantité suffisante dans la cabine par la fente qui se trouve en standard sous ou au-dessus de la porte du sauna.</p>
<p>Mais qu&#8217;entend-on par une bonne ventilation dans le sauna ? Supposons que votre <a href="https://gervi.be/fr/product-categorie/sauna-fr/">sauna</a> soit installé dans une pièce dotée d&#8217;une ou plusieurs fenêtres que vous pouvez ouvrir. Vous pouvez alors supposer que cette pièce est suffisamment ventilée pour permettre une visite agréable au sauna. A condition, bien sûr, d&#8217;ouvrir régulièrement les fenêtres.</p>
<p>Une autre option consiste à installer votre sauna dans votre sous-sol, par exemple. Un sous-sol est le plus souvent une pièce sans fenêtre, ce qui est également souvent le cas d&#8217;un grenier. N&#8217;y a-t-il pas de fenêtres dans la pièce où votre sauna a été installé ? Il est ensuite important de réfléchir à la ventilation du sauna. Si vous ne prenez pas de mesures supplémentaires, l&#8217;apport d&#8217;oxygène peut effectivement être insuffisant, ce qui peut rendre l&#8217;expérience du sauna, telle que décrite ci-dessus, désagréable.</p>
<p>Dans ce cas, comment s&#8217;assurer que la ventilation reste suffisante ? Dans ce cas, vous pouvez vous rendre dans l&#8217;un de nos <a href="https://gervi.be/fr/salles-dexposition/">6 showrooms Gervi Wellness</a> pour obtenir des conseils appropriés. Nous travaillerons ensuite avec vous pour trouver l&#8217;endroit idéal pour installer un trou d&#8217;aération. Celui-ci a généralement un diamètre d&#8217;au moins 20 cm et est relié à l&#8217;extérieur et/ou à un autre endroit très bien ventilé.</p>
<p>Enfin, il existe également des saunas dotés d&#8217;un système de ventilation intégré (supplémentaire). Cela permet d&#8217;améliorer encore la qualité de l&#8217;air dans la <a href="https://gervi.be/fr/product-categorie/sauna-fr/">cabine de sauna</a>. Vous vous demandez si un sauna est bon pour la santé ? N&#8217;hésitez pas à consulter <a href="https://gervi.be/fr/questions-fr%C3%A9quemment-pos%C3%A9es/le-sauna-est-il-bon-pour-la-sante/">notre article</a>.</p>
</div>
</header>

Ventilation dans le sauna Faut-il ventiler un sauna? Oui, absolument ! En outre, pour que le sauna soit agréable, il est nécessaire que la pièce dans laquelle il se trouve soit bien ventilée. Pourquoi cette question ? En effet, pour se sentir bien dans la cabine de sauna chaud, il est essentiel que l &#8216;apport…
