{"id":15272,"date":"2023-08-22T09:19:13","date_gmt":"2023-08-22T09:19:13","guid":{"rendered":"https:\/\/gervi.be\/veelgestelde-vragen\/quelle-est-la-consommation-delectricite-dun-sauna\/"},"modified":"2023-11-20T13:50:37","modified_gmt":"2023-11-20T13:50:37","slug":"quelle-est-la-consommation-delectricite-dun-sauna","status":"publish","type":"veelgestelde-vragen","link":"https:\/\/gervi.be\/fr\/questions-fr\u00e9quemment-pos\u00e9es\/quelle-est-la-consommation-delectricite-dun-sauna\/","title":{"rendered":"Quelle est la consommation d&#8217;\u00e9lectricit\u00e9 d&#8217;un sauna ?"},"content":{"rendered":"<header class=\"hkb-article__header\">\n<header class=\"hkb-article__header\">\n<h1 class=\"hkb-article__title\">Quelle est la consommation d&#8217;\u00e9lectricit\u00e9 d&#8217;un sauna ?<\/h1>\n<\/header>\n<div class=\"hkb-article__content\">\n<p>Vous envisagez d&#8217;<a href=\"https:\/\/gervi.be\/fr\/questions-fr%C3%A9quemment-pos%C3%A9es\/acheter-un-sauna-exterieur\/\">acheter un sauna<\/a>, mais vous \u00eates pr\u00e9occup\u00e9 par la consommation d&#8217;\u00e9nergie ? Vous craignez de devoir bient\u00f4t faire face \u00e0 une <strong>facture d&#8217;\u00e9lectricit\u00e9 \u00e9lev\u00e9e<\/strong>? Nous tenons \u00e0 vous rassurer ! <strong>Ces inqui\u00e9tudes sont totalement infond\u00e9es<\/strong>. Rassurez-vous, avec un <a href=\"https:\/\/gervi.be\/fr\/product-categorie\/sauna-fr\/\">sauna de Gervi<\/a>, votre consommation d&#8217;\u00e9nergie n&#8217;augmentera pas apr\u00e8s l&#8217;achat et l&#8217;installation du sauna ! Dans cet article, nous vous expliquons pourquoi.<\/p>\n<h2 id=\"waarom-een-sauna-niet-voor-een-megastijging-in-je-energieverbruik-zorgt\">Pourquoi le sauna n&#8217;entra\u00eene pas une augmentation consid\u00e9rable de votre consommation d&#8217;\u00e9nergie ?<\/h2>\n<p>Quand un sauna consomme-t-il du courant, de l&#8217;\u00e9lectricit\u00e9 ou de l&#8217;\u00e9nergie ? Avez-vous d\u00e9j\u00e0 r\u00e9fl\u00e9chi \u00e0 cette question ? La r\u00e9ponse est simple. Un sauna <strong>ne<\/strong> consomme de l&#8217;\u00e9nergie <strong>que<\/strong> <strong>lorsqu&#8217;il est en marche<\/strong>.<\/p>\n<p>Supposons que vous soyez un v\u00e9ritable amateur de sauna. Combien de fois allez-vous au sauna ? Disons 3 \u00e0 4 fois par semaine. Vous activez ensuite le sauna pendant 1 \u00e0 2 heures, de sorte que votre sauna fonctionne au maximum 8 heures par semaine. Les autres heures de la semaine, votre sauna ne consomme pas d&#8217;\u00e9lectricit\u00e9. Il est donc impossible qu&#8217;un sauna entra\u00eene une augmentation consid\u00e9rable de la facture d&#8217;\u00e9lectricit\u00e9.<\/p>\n<p>C&#8217;est une <strong>diff\u00e9rence importante par rapport \u00e0 un <a href=\"https:\/\/gervi.be\/fr\/jacuzzi\/consommation-de-jacuzzi\/\">jacuzzi<\/a><\/strong> qui consomme de l&#8217;\u00e9nergie en permanence. En effet, l&#8217;eau doit \u00eatre chauff\u00e9e et filtr\u00e9e en permanence. La consommation d&#8217;\u00e9nergie d&#8217;un sauna sera donc toujours bien inf\u00e9rieure \u00e0 celle d&#8217;un jacuzzi.<\/p>\n<p>La<strong> deuxi\u00e8me raison pour<\/strong> laquelle un sauna n&#8217;entra\u00eene pas une augmentation consid\u00e9rable de votre consommation d&#8217;\u00e9nergie est le <strong>four<\/strong>. La plupart de nos saunas <a href=\"https:\/\/gervi.be\/fr\/product-categorie\/sauna-fr\/modeles-klafs\/\">KLAFS<\/a> sont \u00e9quip\u00e9s d&#8217;une fonction de chauffage turbo. Gr\u00e2ce \u00e0 cette fonction, vous pouvez chauffer l&#8217;habitacle jusqu&#8217;\u00e0 une temp\u00e9rature de 90 degr\u00e9s en seulement 20 minutes. \u00c0 quel moment de la s\u00e9ance de sauna la consommation d&#8217;\u00e9nergie est-elle la plus importante ? Cela se passe pendant l&#8217;\u00e9chauffement. Dans cette phase, la temp\u00e9rature doit \u00eatre port\u00e9e de la temp\u00e9rature ambiante \u00e0 une temp\u00e9rature extr\u00eamement \u00e9lev\u00e9e, par exemple 90 degr\u00e9s. Pendant cette phase, vous avez besoin d&#8217;une quantit\u00e9 extr\u00eame d&#8217;\u00e9nergie. La bonne nouvelle ? Une fois cette temp\u00e9rature atteinte, vous n&#8217;avez plus besoin d&#8217;autant d&#8217;\u00e9nergie. Le sauna est <strong>isol\u00e9 de telle<\/strong> mani\u00e8re qu&#8217;il maintient sa temp\u00e9rature de consigne sans trop d&#8217;effort.<\/p>\n<\/div>\n<\/header>\n","protected":false},"featured_media":0,"parent":0,"template":"","meta":{"_acf_changed":false,"_uag_custom_page_level_css":"","site-sidebar-layout":"default","site-content-layout":"default","ast-site-content-layout":"default","site-content-style":"default","site-sidebar-style":"default","ast-global-header-display":"","ast-banner-title-visibility":"","ast-main-header-display":"","ast-hfb-above-header-display":"","ast-hfb-below-header-display":"","ast-hfb-mobile-header-display":"","site-post-title":"","ast-breadcrumbs-content":"","ast-featured-img":"","footer-sml-layout":"","ast-disable-related-posts":"","theme-transparent-header-meta":"default","adv-header-id-meta":"","stick-header-meta":"","header-above-stick-meta":"","header-main-stick-meta":"","header-below-stick-meta":"","astra-migrate-meta-layouts":"set","ast-page-background-enabled":"default","ast-page-background-meta":{"desktop":{"background-color":"","background-image":"","background-repeat":"repeat","background-position":"center center","background-size":"auto","background-attachment":"scroll","background-type":"","background-media":"","overlay-type":"","overlay-color":"","overlay-opacity":"","overlay-gradient":""},"tablet":{"background-color":"","background-image":"","background-repeat":"repeat","background-position":"center center","background-size":"auto","background-attachment":"scroll","background-type":"","background-media":"","overlay-type":"","overlay-color":"","overlay-opacity":"","overlay-gradient":""},"mobile":{"background-color":"","background-image":"","background-repeat":"repeat","background-position":"center center","background-size":"auto","background-attachment":"scroll","background-type":"","background-media":"","overlay-type":"","overlay-color":"","overlay-opacity":"","overlay-gradient":""}},"ast-content-background-meta":{"desktop":{"background-color":"var(--ast-global-color-5)","background-image":"","background-repeat":"repeat","background-position":"center center","background-size":"auto","background-attachment":"scroll","background-type":"","background-media":"","overlay-type":"","overlay-color":"","overlay-opacity":"","overlay-gradient":""},"tablet":{"background-color":"var(--ast-global-color-5)","background-image":"","background-repeat":"repeat","background-position":"center center","background-size":"auto","background-attachment":"scroll","background-type":"","background-media":"","overlay-type":"","overlay-color":"","overlay-opacity":"","overlay-gradient":""},"mobile":{"background-color":"var(--ast-global-color-5)","background-image":"","background-repeat":"repeat","background-position":"center center","background-size":"auto","background-attachment":"scroll","background-type":"","background-media":"","overlay-type":"","overlay-color":"","overlay-opacity":"","overlay-gradient":""}}},"faq-categorie":[1173],"class_list":["post-15272","veelgestelde-vragen","type-veelgestelde-vragen","status-publish","hentry","faq-categorie-sauna-fr"],"acf":[],"uagb_featured_image_src":{"full":false,"thumbnail":false,"medium":false,"medium_large":false,"large":false,"1536x1536":false,"2048x2048":false,"woocommerce_thumbnail":false,"woocommerce_single":false,"woocommerce_gallery_thumbnail":false,"dgwt-wcas-product-suggestion":false},"uagb_author_info":{"display_name":"Marjolein Nijs","author_link":"https:\/\/gervi.be\/fr\/author\/"},"uagb_comment_info":0,"uagb_excerpt":"Quelle est la consommation d&#8217;\u00e9lectricit\u00e9 d&#8217;un sauna ? Vous envisagez d&#8217;acheter un sauna, mais vous \u00eates pr\u00e9occup\u00e9 par la consommation d&#8217;\u00e9nergie ? Vous craignez de devoir bient\u00f4t faire face \u00e0 une facture d&#8217;\u00e9lectricit\u00e9 \u00e9lev\u00e9e? Nous tenons \u00e0 vous rassurer ! Ces inqui\u00e9tudes sont totalement infond\u00e9es. Rassurez-vous, avec un sauna de Gervi, votre consommation d&#8217;\u00e9nergie n&#8217;augmentera\u2026","_links":{"self":[{"href":"https:\/\/gervi.be\/fr\/wp-json\/wp\/v2\/veelgestelde-vragen\/15272","targetHints":{"allow":["GET"]}}],"collection":[{"href":"https:\/\/gervi.be\/fr\/wp-json\/wp\/v2\/veelgestelde-vragen"}],"about":[{"href":"https:\/\/gervi.be\/fr\/wp-json\/wp\/v2\/types\/veelgestelde-vragen"}],"wp:attachment":[{"href":"https:\/\/gervi.be\/fr\/wp-json\/wp\/v2\/media?parent=15272"}],"wp:term":[{"taxonomy":"faq-categorie","embeddable":true,"href":"https:\/\/gervi.be\/fr\/wp-json\/wp\/v2\/faq-categorie?post=15272"}],"curies":[{"name":"wp","href":"https:\/\/api.w.org\/{rel}","templated":true}]}}

https://gervi.be/fr/questions-fréquemment-posées/quelle-est-la-consommation-delectricite-dun-sauna/

Quelle est la consommation d&#8217;électricité d&#8217;un sauna ?

<header class="hkb-article__header">
<header class="hkb-article__header">
<h1 class="hkb-article__title">Quelle est la consommation d&#8217;électricité d&#8217;un sauna ?</h1>
</header>
<div class="hkb-article__content">
<p>Vous envisagez d&#8217;<a href="https://gervi.be/fr/questions-fr%C3%A9quemment-pos%C3%A9es/acheter-un-sauna-exterieur/">acheter un sauna</a>, mais vous êtes préoccupé par la consommation d&#8217;énergie ? Vous craignez de devoir bientôt faire face à une <strong>facture d&#8217;électricité élevée</strong>? Nous tenons à vous rassurer ! <strong>Ces inquiétudes sont totalement infondées</strong>. Rassurez-vous, avec un <a href="https://gervi.be/fr/product-categorie/sauna-fr/">sauna de Gervi</a>, votre consommation d&#8217;énergie n&#8217;augmentera pas après l&#8217;achat et l&#8217;installation du sauna ! Dans cet article, nous vous expliquons pourquoi.</p>
<h2 id="waarom-een-sauna-niet-voor-een-megastijging-in-je-energieverbruik-zorgt">Pourquoi le sauna n&#8217;entraîne pas une augmentation considérable de votre consommation d&#8217;énergie ?</h2>
<p>Quand un sauna consomme-t-il du courant, de l&#8217;électricité ou de l&#8217;énergie ? Avez-vous déjà réfléchi à cette question ? La réponse est simple. Un sauna <strong>ne</strong> consomme de l&#8217;énergie <strong>que</strong> <strong>lorsqu&#8217;il est en marche</strong>.</p>
<p>Supposons que vous soyez un véritable amateur de sauna. Combien de fois allez-vous au sauna ? Disons 3 à 4 fois par semaine. Vous activez ensuite le sauna pendant 1 à 2 heures, de sorte que votre sauna fonctionne au maximum 8 heures par semaine. Les autres heures de la semaine, votre sauna ne consomme pas d&#8217;électricité. Il est donc impossible qu&#8217;un sauna entraîne une augmentation considérable de la facture d&#8217;électricité.</p>
<p>C&#8217;est une <strong>différence importante par rapport à un <a href="https://gervi.be/fr/jacuzzi/consommation-de-jacuzzi/">jacuzzi</a></strong> qui consomme de l&#8217;énergie en permanence. En effet, l&#8217;eau doit être chauffée et filtrée en permanence. La consommation d&#8217;énergie d&#8217;un sauna sera donc toujours bien inférieure à celle d&#8217;un jacuzzi.</p>
<p>La<strong> deuxième raison pour</strong> laquelle un sauna n&#8217;entraîne pas une augmentation considérable de votre consommation d&#8217;énergie est le <strong>four</strong>. La plupart de nos saunas <a href="https://gervi.be/fr/product-categorie/sauna-fr/modeles-klafs/">KLAFS</a> sont équipés d&#8217;une fonction de chauffage turbo. Grâce à cette fonction, vous pouvez chauffer l&#8217;habitacle jusqu&#8217;à une température de 90 degrés en seulement 20 minutes. À quel moment de la séance de sauna la consommation d&#8217;énergie est-elle la plus importante ? Cela se passe pendant l&#8217;échauffement. Dans cette phase, la température doit être portée de la température ambiante à une température extrêmement élevée, par exemple 90 degrés. Pendant cette phase, vous avez besoin d&#8217;une quantité extrême d&#8217;énergie. La bonne nouvelle ? Une fois cette température atteinte, vous n&#8217;avez plus besoin d&#8217;autant d&#8217;énergie. Le sauna est <strong>isolé de telle</strong> manière qu&#8217;il maintient sa température de consigne sans trop d&#8217;effort.</p>
</div>
</header>

Quelle est la consommation d&#8217;électricité d&#8217;un sauna ? Vous envisagez d&#8217;acheter un sauna, mais vous êtes préoccupé par la consommation d&#8217;énergie ? Vous craignez de devoir bientôt faire face à une facture d&#8217;électricité élevée? Nous tenons à vous rassurer ! Ces inquiétudes sont totalement infondées. Rassurez-vous, avec un sauna de Gervi, votre consommation d&#8217;énergie n&#8217;augmentera…
