{"id":32653,"date":"2025-08-18T10:00:03","date_gmt":"2025-08-18T08:00:03","guid":{"rendered":"https:\/\/gervi.be\/shop\/amalfi-2\/"},"modified":"2026-01-15T10:55:51","modified_gmt":"2026-01-15T09:55:51","slug":"amalfi-2","status":"publish","type":"product","link":"https:\/\/gervi.be\/fr\/produit\/amalfi-2\/","title":{"rendered":"AMALFI"},"content":{"rendered":"<p data-start=\"264\" data-end=\"572\">Le parasol Jardinico Amalfi appartient \u00e0 la collection Attitude et constitue le juste milieu entre l&#8217;\u00e9l\u00e9gance et la fonctionnalit\u00e9. Ce design intemporel convient aussi bien aux petites terrasses qu&#8217;aux grands espaces ext\u00e9rieurs, avec un look qui respire le luxe et le confort. <\/p>\n<p data-start=\"574\" data-end=\"922\">Disponible en version carr\u00e9e (250 \u00d7 250 cm et 300 \u00d7 300 cm) et ronde (\u00d8 300 cm), le parasol Amalfi offre une grande souplesse de forme et d&#8217;\u00e9chelle. La structure est en aluminium peint par poudrage, ce qui garantit sa robustesse et sa durabilit\u00e9. <\/p>\n<p data-start=\"924\" data-end=\"1254\">La toile est r\u00e9sistante aux rayons UV et aux intemp\u00e9ries, avec une densit\u00e9 d&#8217;environ 270 g\/m\u00b2, hydrofuge et inalt\u00e9rable. L&#8217;unit\u00e9 p\u00e8se entre 15 et 16 kg, selon le mod\u00e8le. <\/p>\n<p data-start=\"1256\" data-end=\"1568\">Avec ses lignes \u00e9pur\u00e9es et \u00e9l\u00e9gantes, l&#8217;Amalfi s&#8217;int\u00e8gre parfaitement dans les paysages urbains modernes, les environnements de loisirs et les terrasses priv\u00e9es exclusives. Le parasol est con\u00e7u pour r\u00e9sister \u00e0 diverses conditions m\u00e9t\u00e9orologiques. <\/p>\n<p data-start=\"1570\" data-end=\"1785\">Des accessoires suppl\u00e9mentaires peuvent \u00eatre choisis en option, tels qu&#8217;une base de parasol (par exemple Elba ou Lucca) et une housse de protection, qui offrent une facilit\u00e9 d&#8217;installation et une stabilit\u00e9 suppl\u00e9mentaire.<\/p>\n","protected":false},"excerpt":{"rendered":"<p>Le parasol Jardinico Amalfi appartient \u00e0 la collection Attitude et constitue le juste milieu entre l&#8217;\u00e9l\u00e9gance et la fonctionnalit\u00e9. Ce design intemporel convient aussi bien aux petites terrasses qu&#8217;aux grands espaces ext\u00e9rieurs, avec un look qui respire le luxe et le confort. Disponible en version carr\u00e9e (250 \u00d7 250 cm et 300 \u00d7 300 cm) [&hellip;]<\/p>\n","protected":false},"featured_media":32644,"template":"","meta":{"_acf_changed":false,"_uag_custom_page_level_css":"","site-sidebar-layout":"default","site-content-layout":"","ast-site-content-layout":"default","site-content-style":"default","site-sidebar-style":"default","ast-global-header-display":"","ast-banner-title-visibility":"","ast-main-header-display":"","ast-hfb-above-header-display":"","ast-hfb-below-header-display":"","ast-hfb-mobile-header-display":"","site-post-title":"","ast-breadcrumbs-content":"","ast-featured-img":"","footer-sml-layout":"","ast-disable-related-posts":"","theme-transparent-header-meta":"default","adv-header-id-meta":"","stick-header-meta":"","header-above-stick-meta":"","header-main-stick-meta":"","header-below-stick-meta":"","astra-migrate-meta-layouts":"default","ast-page-background-enabled":"default","ast-page-background-meta":{"desktop":{"background-color":"","background-image":"","background-repeat":"repeat","background-position":"center center","background-size":"auto","background-attachment":"scroll","background-type":"","background-media":"","overlay-type":"","overlay-color":"","overlay-opacity":"","overlay-gradient":""},"tablet":{"background-color":"","background-image":"","background-repeat":"repeat","background-position":"center center","background-size":"auto","background-attachment":"scroll","background-type":"","background-media":"","overlay-type":"","overlay-color":"","overlay-opacity":"","overlay-gradient":""},"mobile":{"background-color":"","background-image":"","background-repeat":"repeat","background-position":"center center","background-size":"auto","background-attachment":"scroll","background-type":"","background-media":"","overlay-type":"","overlay-color":"","overlay-opacity":"","overlay-gradient":""}},"ast-content-background-meta":{"desktop":{"background-color":"var(--ast-global-color-5)","background-image":"","background-repeat":"repeat","background-position":"center center","background-size":"auto","background-attachment":"scroll","background-type":"","background-media":"","overlay-type":"","overlay-color":"","overlay-opacity":"","overlay-gradient":""},"tablet":{"background-color":"var(--ast-global-color-5)","background-image":"","background-repeat":"repeat","background-position":"center center","background-size":"auto","background-attachment":"scroll","background-type":"","background-media":"","overlay-type":"","overlay-color":"","overlay-opacity":"","overlay-gradient":""},"mobile":{"background-color":"var(--ast-global-color-5)","background-image":"","background-repeat":"repeat","background-position":"center center","background-size":"auto","background-attachment":"scroll","background-type":"","background-media":"","overlay-type":"","overlay-color":"","overlay-opacity":"","overlay-gradient":""}}},"product_brand":[6303],"product_cat":[878,6316,871],"product_tag":[],"class_list":{"0":"post-32653","1":"product","2":"type-product","3":"status-publish","4":"has-post-thumbnail","6":"product_brand-jardinico","7":"product_cat-meubles-de-jardin","8":"product_cat-parasol-fr","9":"product_cat-parasols-fr","10":"desktop-align-left","11":"tablet-align-left","12":"mobile-align-left","14":"first","15":"instock","16":"taxable","17":"shipping-taxable","18":"product-type-simple"},"acf":[],"uagb_featured_image_src":{"full":["https:\/\/gervi.be\/wp-content\/uploads\/2025\/08\/Amalfi.png",750,750,false],"thumbnail":["https:\/\/gervi.be\/wp-content\/uploads\/2025\/08\/Amalfi-150x150.png",150,150,true],"medium":["https:\/\/gervi.be\/wp-content\/uploads\/2025\/08\/Amalfi-300x300.png",300,300,true],"medium_large":["https:\/\/gervi.be\/wp-content\/uploads\/2025\/08\/Amalfi.png",750,750,false],"large":["https:\/\/gervi.be\/wp-content\/uploads\/2025\/08\/Amalfi.png",750,750,false],"1536x1536":["https:\/\/gervi.be\/wp-content\/uploads\/2025\/08\/Amalfi.png",750,750,false],"2048x2048":["https:\/\/gervi.be\/wp-content\/uploads\/2025\/08\/Amalfi.png",750,750,false],"woocommerce_thumbnail":["https:\/\/gervi.be\/wp-content\/uploads\/2025\/08\/Amalfi.png",750,750,false],"woocommerce_single":["https:\/\/gervi.be\/wp-content\/uploads\/2025\/08\/Amalfi.png",750,750,false],"woocommerce_gallery_thumbnail":["https:\/\/gervi.be\/wp-content\/uploads\/2025\/08\/Amalfi-100x100.png",100,100,true],"dgwt-wcas-product-suggestion":["https:\/\/gervi.be\/wp-content\/uploads\/2025\/08\/Amalfi.png",64,64,false]},"uagb_author_info":{"display_name":"creativitijd","author_link":"https:\/\/gervi.be\/fr\/author\/"},"uagb_comment_info":0,"uagb_excerpt":"Le parasol Jardinico Amalfi appartient \u00e0 la collection Attitude et constitue le juste milieu entre l&#8217;\u00e9l\u00e9gance et la fonctionnalit\u00e9. Ce design intemporel convient aussi bien aux petites terrasses qu&#8217;aux grands espaces ext\u00e9rieurs, avec un look qui respire le luxe et le confort. Disponible en version carr\u00e9e (250 \u00d7 250 cm et 300 \u00d7 300 cm)\u2026","_links":{"self":[{"href":"https:\/\/gervi.be\/fr\/wp-json\/wp\/v2\/product\/32653","targetHints":{"allow":["GET"]}}],"collection":[{"href":"https:\/\/gervi.be\/fr\/wp-json\/wp\/v2\/product"}],"about":[{"href":"https:\/\/gervi.be\/fr\/wp-json\/wp\/v2\/types\/product"}],"wp:featuredmedia":[{"embeddable":true,"href":"https:\/\/gervi.be\/fr\/wp-json\/wp\/v2\/media\/32644"}],"wp:attachment":[{"href":"https:\/\/gervi.be\/fr\/wp-json\/wp\/v2\/media?parent=32653"}],"wp:term":[{"taxonomy":"product_brand","embeddable":true,"href":"https:\/\/gervi.be\/fr\/wp-json\/wp\/v2\/product_brand?post=32653"},{"taxonomy":"product_cat","embeddable":true,"href":"https:\/\/gervi.be\/fr\/wp-json\/wp\/v2\/product_cat?post=32653"},{"taxonomy":"product_tag","embeddable":true,"href":"https:\/\/gervi.be\/fr\/wp-json\/wp\/v2\/product_tag?post=32653"}],"curies":[{"name":"wp","href":"https:\/\/api.w.org\/{rel}","templated":true}]}}

<p data-start="264" data-end="572">Le parasol Jardinico Amalfi appartient à la collection Attitude et constitue le juste milieu entre l&#8217;élégance et la fonctionnalité. Ce design intemporel convient aussi bien aux petites terrasses qu&#8217;aux grands espaces extérieurs, avec un look qui respire le luxe et le confort. </p>
<p data-start="574" data-end="922">Disponible en version carrée (250 × 250 cm et 300 × 300 cm) et ronde (Ø 300 cm), le parasol Amalfi offre une grande souplesse de forme et d&#8217;échelle. La structure est en aluminium peint par poudrage, ce qui garantit sa robustesse et sa durabilité. </p>
<p data-start="924" data-end="1254">La toile est résistante aux rayons UV et aux intempéries, avec une densité d&#8217;environ 270 g/m², hydrofuge et inaltérable. L&#8217;unité pèse entre 15 et 16 kg, selon le modèle. </p>
<p data-start="1256" data-end="1568">Avec ses lignes épurées et élégantes, l&#8217;Amalfi s&#8217;intègre parfaitement dans les paysages urbains modernes, les environnements de loisirs et les terrasses privées exclusives. Le parasol est conçu pour résister à diverses conditions météorologiques. </p>
<p data-start="1570" data-end="1785">Des accessoires supplémentaires peuvent être choisis en option, tels qu&#8217;une base de parasol (par exemple Elba ou Lucca) et une housse de protection, qui offrent une facilité d&#8217;installation et une stabilité supplémentaire.</p>

<p>Le parasol Jardinico Amalfi appartient à la collection Attitude et constitue le juste milieu entre l&#8217;élégance et la fonctionnalité. Ce design intemporel convient aussi bien aux petites terrasses qu&#8217;aux grands espaces extérieurs, avec un look qui respire le luxe et le confort. Disponible en version carrée (250 × 250 cm et 300 × 300 cm) [&hellip;]</p>

Le parasol Jardinico Amalfi appartient à la collection Attitude et constitue le juste milieu entre l&#8217;élégance et la fonctionnalité. Ce design intemporel convient aussi bien aux petites terrasses qu&#8217;aux grands espaces extérieurs, avec un look qui respire le luxe et le confort. Disponible en version carrée (250 × 250 cm et 300 × 300 cm)…
