{"id":32589,"date":"2025-08-04T11:53:09","date_gmt":"2025-08-04T09:53:09","guid":{"rendered":"https:\/\/gervi.be\/shop\/tondo-3\/"},"modified":"2025-09-10T12:01:24","modified_gmt":"2025-09-10T10:01:24","slug":"tondo-3","status":"publish","type":"product","link":"https:\/\/gervi.be\/fr\/produit\/tondo-3\/","title":{"rendered":"TONDO"},"content":{"rendered":"<p data-start=\"108\" data-end=\"364\">Le lit de jour Jardinico Tondo est une pi\u00e8ce ma\u00eetresse dans l&#8217;univers du mobilier de jardin haut de gamme. Il allie une esth\u00e9tique sophistiqu\u00e9e \u00e0 un confort exceptionnel, id\u00e9al pour les espaces ext\u00e9rieurs luxueux tels que les terrasses, les jardins ou les bords de piscine. <\/p>\n<p data-start=\"366\" data-end=\"821\">Le lit de jour a un diam\u00e8tre g\u00e9n\u00e9reux de 200 cm et une hauteur de 80 cm, avec une hauteur d&#8217;assise de 45 cm, coussins compris. Le cadre est en aluminium peint par poudrage et rev\u00eatu d&#8217;un tissu multicolore de 30 mm d&#8217;\u00e9paisseur, tiss\u00e9 \u00e0 la main, qui s\u00e9duit \u00e0 la fois par son aspect et son toucher. Ce tissu est r\u00e9sistant aux UV, aux intemp\u00e9ries et aux taches, ce qui permet au lit de jour de conserver sa beaut\u00e9 quelles que soient les conditions m\u00e9t\u00e9orologiques.  <\/p>\n<p data-start=\"823\" data-end=\"1080\">Pour un confort optimal, les coussins sont remplis d&#8217;une &#8220;mousse tous temps&#8221;, sp\u00e9cialement con\u00e7ue pour une utilisation en ext\u00e9rieur. Cette mousse de haute qualit\u00e9 est respirante et s\u00e8che rapidement, ce qui permet d&#8217;utiliser le lit de jour tout au long de l&#8217;ann\u00e9e. <\/p>\n<p data-start=\"1082\" data-end=\"1339\">Le lit de jour Tondo est un meuble polyvalent qui s&#8217;adapte sans effort \u00e0 diff\u00e9rents environnements ext\u00e9rieurs. Qu&#8217;il s&#8217;agisse d&#8217;une d\u00e9claration solitaire ou d&#8217;un \u00e9l\u00e9ment d&#8217;un concept de salon plus large, il offre un endroit accueillant et luxueux pour se d\u00e9tendre. <\/p>\n<p data-start=\"1341\" data-end=\"1538\">Avec ses formes organiques et sa finition de haute qualit\u00e9, il constitue donc un choix parfait pour ceux qui cherchent \u00e0 combiner design, confort et durabilit\u00e9 dans l&#8217;espace ext\u00e9rieur.<\/p>\n","protected":false},"excerpt":{"rendered":"<p>Le lit de jour Jardinico Tondo est une pi\u00e8ce ma\u00eetresse dans l&#8217;univers du mobilier de jardin haut de gamme. Il allie une esth\u00e9tique sophistiqu\u00e9e \u00e0 un confort exceptionnel, id\u00e9al pour les espaces ext\u00e9rieurs luxueux tels que les terrasses, les jardins ou les bords de piscine. Le lit de jour a un diam\u00e8tre g\u00e9n\u00e9reux de 200 [&hellip;]<\/p>\n","protected":false},"featured_media":32580,"template":"","meta":{"_acf_changed":false,"_uag_custom_page_level_css":"","site-sidebar-layout":"default","site-content-layout":"","ast-site-content-layout":"default","site-content-style":"default","site-sidebar-style":"default","ast-global-header-display":"","ast-banner-title-visibility":"","ast-main-header-display":"","ast-hfb-above-header-display":"","ast-hfb-below-header-display":"","ast-hfb-mobile-header-display":"","site-post-title":"","ast-breadcrumbs-content":"","ast-featured-img":"","footer-sml-layout":"","ast-disable-related-posts":"","theme-transparent-header-meta":"default","adv-header-id-meta":"","stick-header-meta":"","header-above-stick-meta":"","header-main-stick-meta":"","header-below-stick-meta":"","astra-migrate-meta-layouts":"default","ast-page-background-enabled":"default","ast-page-background-meta":{"desktop":{"background-color":"","background-image":"","background-repeat":"repeat","background-position":"center center","background-size":"auto","background-attachment":"scroll","background-type":"","background-media":"","overlay-type":"","overlay-color":"","overlay-opacity":"","overlay-gradient":""},"tablet":{"background-color":"","background-image":"","background-repeat":"repeat","background-position":"center center","background-size":"auto","background-attachment":"scroll","background-type":"","background-media":"","overlay-type":"","overlay-color":"","overlay-opacity":"","overlay-gradient":""},"mobile":{"background-color":"","background-image":"","background-repeat":"repeat","background-position":"center center","background-size":"auto","background-attachment":"scroll","background-type":"","background-media":"","overlay-type":"","overlay-color":"","overlay-opacity":"","overlay-gradient":""}},"ast-content-background-meta":{"desktop":{"background-color":"var(--ast-global-color-5)","background-image":"","background-repeat":"repeat","background-position":"center center","background-size":"auto","background-attachment":"scroll","background-type":"","background-media":"","overlay-type":"","overlay-color":"","overlay-opacity":"","overlay-gradient":""},"tablet":{"background-color":"var(--ast-global-color-5)","background-image":"","background-repeat":"repeat","background-position":"center center","background-size":"auto","background-attachment":"scroll","background-type":"","background-media":"","overlay-type":"","overlay-color":"","overlay-opacity":"","overlay-gradient":""},"mobile":{"background-color":"var(--ast-global-color-5)","background-image":"","background-repeat":"repeat","background-position":"center center","background-size":"auto","background-attachment":"scroll","background-type":"","background-media":"","overlay-type":"","overlay-color":"","overlay-opacity":"","overlay-gradient":""}}},"product_brand":[6303],"product_cat":[6313,878],"product_tag":[6373,6371,6415,6407,6376,1314,1893,6380,6416,6369,6414,6408,6390,6406,6372,6382,6377,6411,6391,6379,6374,6370,6375,6413,6409,6412,6410,6384,6394,6378],"class_list":{"0":"post-32589","1":"product","2":"type-product","3":"status-publish","4":"has-post-thumbnail","6":"product_brand-jardinico","7":"product_cat-lit-de-jour","8":"product_cat-meubles-de-jardin","9":"product_tag-canape-de-salon-moderne","10":"product_tag-chaise-longue-ronde-dexterieur","11":"product_tag-collection-design-lounge","12":"product_tag-coussins-tous-temps","13":"product_tag-design-des-meubles-de-jardin","14":"product_tag-gervi-fr","15":"product_tag-gervi-outdoor-fr","16":"product_tag-lit-de-jour-avec-cadre-en-aluminium","17":"product_tag-lit-de-jour-de-forme-organique","18":"product_tag-lit-de-jour-de-luxe-pour-lexterieur","19":"product_tag-lit-de-jour-elegant-pour-lexterieur","20":"product_tag-lit-de-jour-en-mousse-respirante","21":"product_tag-lit-de-jour-exclusif","22":"product_tag-lit-de-jour-jardinico-tondo","23":"product_tag-lit-de-jour-resistant-aux-intemperies","24":"product_tag-lit-de-jour-resistant-aux-uv","25":"product_tag-lit-de-relaxation-exterieur","26":"product_tag-meubles-dexterieur-fr-3","27":"product_tag-meubles-dexterieur-multifonctionnels","28":"product_tag-meubles-dexterieur-tisses-a-la-main","29":"product_tag-meubles-de-jardin-de-haute-qualite","30":"product_tag-meubles-de-jardin-design","31":"product_tag-meubles-de-salon-dexterieur","32":"product_tag-meubles-de-salon-resistants-aux-intemperies","33":"product_tag-meubles-de-salon-solitaires","34":"product_tag-meubles-de-terrasse-de-luxe","35":"product_tag-salon-de-jardin-haut-de-gamme","36":"product_tag-salon-exterieur-confortable","37":"product_tag-sieges-dexterieur-modernes","38":"product_tag-terrasse-premium-avec-lit-de-jour","39":"desktop-align-left","40":"tablet-align-left","41":"mobile-align-left","43":"first","44":"instock","45":"taxable","46":"shipping-taxable","47":"product-type-simple"},"acf":[],"uagb_featured_image_src":{"full":["https:\/\/gervi.be\/wp-content\/uploads\/2025\/08\/Tondo.png",750,750,false],"thumbnail":["https:\/\/gervi.be\/wp-content\/uploads\/2025\/08\/Tondo-150x150.png",150,150,true],"medium":["https:\/\/gervi.be\/wp-content\/uploads\/2025\/08\/Tondo-300x300.png",300,300,true],"medium_large":["https:\/\/gervi.be\/wp-content\/uploads\/2025\/08\/Tondo.png",750,750,false],"large":["https:\/\/gervi.be\/wp-content\/uploads\/2025\/08\/Tondo.png",750,750,false],"1536x1536":["https:\/\/gervi.be\/wp-content\/uploads\/2025\/08\/Tondo.png",750,750,false],"2048x2048":["https:\/\/gervi.be\/wp-content\/uploads\/2025\/08\/Tondo.png",750,750,false],"woocommerce_thumbnail":["https:\/\/gervi.be\/wp-content\/uploads\/2025\/08\/Tondo.png",750,750,false],"woocommerce_single":["https:\/\/gervi.be\/wp-content\/uploads\/2025\/08\/Tondo.png",750,750,false],"woocommerce_gallery_thumbnail":["https:\/\/gervi.be\/wp-content\/uploads\/2025\/08\/Tondo-100x100.png",100,100,true],"dgwt-wcas-product-suggestion":["https:\/\/gervi.be\/wp-content\/uploads\/2025\/08\/Tondo.png",64,64,false]},"uagb_author_info":{"display_name":"creativitijd","author_link":"https:\/\/gervi.be\/fr\/author\/"},"uagb_comment_info":0,"uagb_excerpt":"Le lit de jour Jardinico Tondo est une pi\u00e8ce ma\u00eetresse dans l&#8217;univers du mobilier de jardin haut de gamme. Il allie une esth\u00e9tique sophistiqu\u00e9e \u00e0 un confort exceptionnel, id\u00e9al pour les espaces ext\u00e9rieurs luxueux tels que les terrasses, les jardins ou les bords de piscine. Le lit de jour a un diam\u00e8tre g\u00e9n\u00e9reux de 200\u2026","_links":{"self":[{"href":"https:\/\/gervi.be\/fr\/wp-json\/wp\/v2\/product\/32589","targetHints":{"allow":["GET"]}}],"collection":[{"href":"https:\/\/gervi.be\/fr\/wp-json\/wp\/v2\/product"}],"about":[{"href":"https:\/\/gervi.be\/fr\/wp-json\/wp\/v2\/types\/product"}],"wp:featuredmedia":[{"embeddable":true,"href":"https:\/\/gervi.be\/fr\/wp-json\/wp\/v2\/media\/32580"}],"wp:attachment":[{"href":"https:\/\/gervi.be\/fr\/wp-json\/wp\/v2\/media?parent=32589"}],"wp:term":[{"taxonomy":"product_brand","embeddable":true,"href":"https:\/\/gervi.be\/fr\/wp-json\/wp\/v2\/product_brand?post=32589"},{"taxonomy":"product_cat","embeddable":true,"href":"https:\/\/gervi.be\/fr\/wp-json\/wp\/v2\/product_cat?post=32589"},{"taxonomy":"product_tag","embeddable":true,"href":"https:\/\/gervi.be\/fr\/wp-json\/wp\/v2\/product_tag?post=32589"}],"curies":[{"name":"wp","href":"https:\/\/api.w.org\/{rel}","templated":true}]}}

<p data-start="108" data-end="364">Le lit de jour Jardinico Tondo est une pièce maîtresse dans l&#8217;univers du mobilier de jardin haut de gamme. Il allie une esthétique sophistiquée à un confort exceptionnel, idéal pour les espaces extérieurs luxueux tels que les terrasses, les jardins ou les bords de piscine. </p>
<p data-start="366" data-end="821">Le lit de jour a un diamètre généreux de 200 cm et une hauteur de 80 cm, avec une hauteur d&#8217;assise de 45 cm, coussins compris. Le cadre est en aluminium peint par poudrage et revêtu d&#8217;un tissu multicolore de 30 mm d&#8217;épaisseur, tissé à la main, qui séduit à la fois par son aspect et son toucher. Ce tissu est résistant aux UV, aux intempéries et aux taches, ce qui permet au lit de jour de conserver sa beauté quelles que soient les conditions météorologiques.  </p>
<p data-start="823" data-end="1080">Pour un confort optimal, les coussins sont remplis d&#8217;une &#8220;mousse tous temps&#8221;, spécialement conçue pour une utilisation en extérieur. Cette mousse de haute qualité est respirante et sèche rapidement, ce qui permet d&#8217;utiliser le lit de jour tout au long de l&#8217;année. </p>
<p data-start="1082" data-end="1339">Le lit de jour Tondo est un meuble polyvalent qui s&#8217;adapte sans effort à différents environnements extérieurs. Qu&#8217;il s&#8217;agisse d&#8217;une déclaration solitaire ou d&#8217;un élément d&#8217;un concept de salon plus large, il offre un endroit accueillant et luxueux pour se détendre. </p>
<p data-start="1341" data-end="1538">Avec ses formes organiques et sa finition de haute qualité, il constitue donc un choix parfait pour ceux qui cherchent à combiner design, confort et durabilité dans l&#8217;espace extérieur.</p>

<p>Le lit de jour Jardinico Tondo est une pièce maîtresse dans l&#8217;univers du mobilier de jardin haut de gamme. Il allie une esthétique sophistiquée à un confort exceptionnel, idéal pour les espaces extérieurs luxueux tels que les terrasses, les jardins ou les bords de piscine. Le lit de jour a un diamètre généreux de 200 [&hellip;]</p>

Le lit de jour Jardinico Tondo est une pièce maîtresse dans l&#8217;univers du mobilier de jardin haut de gamme. Il allie une esthétique sophistiquée à un confort exceptionnel, idéal pour les espaces extérieurs luxueux tels que les terrasses, les jardins ou les bords de piscine. Le lit de jour a un diamètre généreux de 200…
