{"id":32565,"date":"2025-08-04T11:50:45","date_gmt":"2025-08-04T09:50:45","guid":{"rendered":"https:\/\/gervi.be\/shop\/dala-4\/"},"modified":"2025-08-12T15:13:33","modified_gmt":"2025-08-12T13:13:33","slug":"dala-4","status":"publish","type":"product","link":"https:\/\/gervi.be\/fr\/produit\/dala-4\/","title":{"rendered":"DALA"},"content":{"rendered":"<p data-start=\"244\" data-end=\"823\">Le lit de jour Dala, con\u00e7u par Stephen Burks, est un \u00e9l\u00e9ment de salon embl\u00e9matique de la collection DALA de Dedon. Cette collection associe des techniques de tissage artisanales \u00e0 une fibre innovante et color\u00e9e qui a \u00e9t\u00e9 brevet\u00e9e et soigneusement d\u00e9velopp\u00e9e. Le mobilier se compose d&#8217;un cadre en aluminium peint par poudrage, tiss\u00e9 de mani\u00e8re experte avec de la fibre HDPE dans cinq couleurs vibrantes : rioja, cuba, bahamas, ubud et ibiza, chacune inspir\u00e9e par des univers de conception diff\u00e9rents tels que la lumi\u00e8re, la chaleur et l&#8217;ouverture.  <\/p>\n<p data-start=\"825\" data-end=\"1299\">Le lit de jour Dala, \u00e9galement connu sous le nom de causeuse DALA, a une forme ronde g\u00e9n\u00e9reuse avec un diam\u00e8tre d&#8217;environ \u00d8 179 cm et une hauteur d&#8217;assise d&#8217;environ 39 cm, ce qui en fait un endroit parfait pour s&#8217;allonger en toute d\u00e9tente. La construction comprend des roulettes int\u00e9gr\u00e9es pour une rotation en douceur et des roulettes extractibles pour un d\u00e9placement facile, et m\u00eame une table pivotante avec un plateau en teck de premi\u00e8re qualit\u00e9. <\/p>\n<p data-start=\"1301\" data-end=\"1699\">Du point de vue des mat\u00e9riaux, le lit de jour est con\u00e7u pour une utilisation en ext\u00e9rieur : le tissu HDPE r\u00e9sistant aux intemp\u00e9ries r\u00e9siste au soleil, \u00e0 la pluie, au sel et \u00e0 l&#8217;eau de piscine, et le cadre est r\u00e9sistant aux intemp\u00e9ries et \u00e0 la corrosion, avec une garantie d&#8217;environ deux ans. Les coussins sont d\u00e9houssables et lavables, ce qui simplifie l&#8217;entretien. <\/p>\n<p data-start=\"1701\" data-end=\"1853\">En bref, le lit de jour Dedon Dala est un choix \u00e9l\u00e9gant, durable et polyvalent pour un repos luxueux en plein air, parfait pour les r\u00eaves d&#8217;\u00e9t\u00e9 tentaculaires.<\/p>\n","protected":false},"excerpt":{"rendered":"<p>Le lit de jour Dala, con\u00e7u par Stephen Burks, est un \u00e9l\u00e9ment de salon embl\u00e9matique de la collection DALA de Dedon. Cette collection associe des techniques de tissage artisanales \u00e0 une fibre innovante et color\u00e9e qui a \u00e9t\u00e9 brevet\u00e9e et soigneusement d\u00e9velopp\u00e9e. Le mobilier se compose d&#8217;un cadre en aluminium peint par poudrage, tiss\u00e9 de [&hellip;]<\/p>\n","protected":false},"featured_media":32560,"template":"","meta":{"_acf_changed":false,"_uag_custom_page_level_css":"","site-sidebar-layout":"default","site-content-layout":"","ast-site-content-layout":"default","site-content-style":"default","site-sidebar-style":"default","ast-global-header-display":"","ast-banner-title-visibility":"","ast-main-header-display":"","ast-hfb-above-header-display":"","ast-hfb-below-header-display":"","ast-hfb-mobile-header-display":"","site-post-title":"","ast-breadcrumbs-content":"","ast-featured-img":"","footer-sml-layout":"","ast-disable-related-posts":"","theme-transparent-header-meta":"default","adv-header-id-meta":"","stick-header-meta":"","header-above-stick-meta":"","header-main-stick-meta":"","header-below-stick-meta":"","astra-migrate-meta-layouts":"default","ast-page-background-enabled":"default","ast-page-background-meta":{"desktop":{"background-color":"","background-image":"","background-repeat":"repeat","background-position":"center center","background-size":"auto","background-attachment":"scroll","background-type":"","background-media":"","overlay-type":"","overlay-color":"","overlay-opacity":"","overlay-gradient":""},"tablet":{"background-color":"","background-image":"","background-repeat":"repeat","background-position":"center center","background-size":"auto","background-attachment":"scroll","background-type":"","background-media":"","overlay-type":"","overlay-color":"","overlay-opacity":"","overlay-gradient":""},"mobile":{"background-color":"","background-image":"","background-repeat":"repeat","background-position":"center center","background-size":"auto","background-attachment":"scroll","background-type":"","background-media":"","overlay-type":"","overlay-color":"","overlay-opacity":"","overlay-gradient":""}},"ast-content-background-meta":{"desktop":{"background-color":"var(--ast-global-color-5)","background-image":"","background-repeat":"repeat","background-position":"center center","background-size":"auto","background-attachment":"scroll","background-type":"","background-media":"","overlay-type":"","overlay-color":"","overlay-opacity":"","overlay-gradient":""},"tablet":{"background-color":"var(--ast-global-color-5)","background-image":"","background-repeat":"repeat","background-position":"center center","background-size":"auto","background-attachment":"scroll","background-type":"","background-media":"","overlay-type":"","overlay-color":"","overlay-opacity":"","overlay-gradient":""},"mobile":{"background-color":"var(--ast-global-color-5)","background-image":"","background-repeat":"repeat","background-position":"center center","background-size":"auto","background-attachment":"scroll","background-type":"","background-media":"","overlay-type":"","overlay-color":"","overlay-opacity":"","overlay-gradient":""}}},"product_brand":[6287],"product_cat":[6313,878],"product_tag":[],"class_list":{"0":"post-32565","1":"product","2":"type-product","3":"status-publish","4":"has-post-thumbnail","6":"product_brand-dedon","7":"product_cat-lit-de-jour","8":"product_cat-meubles-de-jardin","9":"desktop-align-left","10":"tablet-align-left","11":"mobile-align-left","13":"first","14":"instock","15":"taxable","16":"shipping-taxable","17":"product-type-simple"},"acf":[],"uagb_featured_image_src":{"full":["https:\/\/gervi.be\/wp-content\/uploads\/2025\/08\/Dala.png",750,750,false],"thumbnail":["https:\/\/gervi.be\/wp-content\/uploads\/2025\/08\/Dala-150x150.png",150,150,true],"medium":["https:\/\/gervi.be\/wp-content\/uploads\/2025\/08\/Dala-300x300.png",300,300,true],"medium_large":["https:\/\/gervi.be\/wp-content\/uploads\/2025\/08\/Dala.png",750,750,false],"large":["https:\/\/gervi.be\/wp-content\/uploads\/2025\/08\/Dala.png",750,750,false],"1536x1536":["https:\/\/gervi.be\/wp-content\/uploads\/2025\/08\/Dala.png",750,750,false],"2048x2048":["https:\/\/gervi.be\/wp-content\/uploads\/2025\/08\/Dala.png",750,750,false],"woocommerce_thumbnail":["https:\/\/gervi.be\/wp-content\/uploads\/2025\/08\/Dala.png",750,750,false],"woocommerce_single":["https:\/\/gervi.be\/wp-content\/uploads\/2025\/08\/Dala.png",750,750,false],"woocommerce_gallery_thumbnail":["https:\/\/gervi.be\/wp-content\/uploads\/2025\/08\/Dala-100x100.png",100,100,true],"dgwt-wcas-product-suggestion":["https:\/\/gervi.be\/wp-content\/uploads\/2025\/08\/Dala.png",64,64,false]},"uagb_author_info":{"display_name":"creativitijd","author_link":"https:\/\/gervi.be\/fr\/author\/"},"uagb_comment_info":0,"uagb_excerpt":"Le lit de jour Dala, con\u00e7u par Stephen Burks, est un \u00e9l\u00e9ment de salon embl\u00e9matique de la collection DALA de Dedon. Cette collection associe des techniques de tissage artisanales \u00e0 une fibre innovante et color\u00e9e qui a \u00e9t\u00e9 brevet\u00e9e et soigneusement d\u00e9velopp\u00e9e. Le mobilier se compose d&#8217;un cadre en aluminium peint par poudrage, tiss\u00e9 de\u2026","_links":{"self":[{"href":"https:\/\/gervi.be\/fr\/wp-json\/wp\/v2\/product\/32565","targetHints":{"allow":["GET"]}}],"collection":[{"href":"https:\/\/gervi.be\/fr\/wp-json\/wp\/v2\/product"}],"about":[{"href":"https:\/\/gervi.be\/fr\/wp-json\/wp\/v2\/types\/product"}],"wp:featuredmedia":[{"embeddable":true,"href":"https:\/\/gervi.be\/fr\/wp-json\/wp\/v2\/media\/32560"}],"wp:attachment":[{"href":"https:\/\/gervi.be\/fr\/wp-json\/wp\/v2\/media?parent=32565"}],"wp:term":[{"taxonomy":"product_brand","embeddable":true,"href":"https:\/\/gervi.be\/fr\/wp-json\/wp\/v2\/product_brand?post=32565"},{"taxonomy":"product_cat","embeddable":true,"href":"https:\/\/gervi.be\/fr\/wp-json\/wp\/v2\/product_cat?post=32565"},{"taxonomy":"product_tag","embeddable":true,"href":"https:\/\/gervi.be\/fr\/wp-json\/wp\/v2\/product_tag?post=32565"}],"curies":[{"name":"wp","href":"https:\/\/api.w.org\/{rel}","templated":true}]}}

<p data-start="244" data-end="823">Le lit de jour Dala, conçu par Stephen Burks, est un élément de salon emblématique de la collection DALA de Dedon. Cette collection associe des techniques de tissage artisanales à une fibre innovante et colorée qui a été brevetée et soigneusement développée. Le mobilier se compose d&#8217;un cadre en aluminium peint par poudrage, tissé de manière experte avec de la fibre HDPE dans cinq couleurs vibrantes : rioja, cuba, bahamas, ubud et ibiza, chacune inspirée par des univers de conception différents tels que la lumière, la chaleur et l&#8217;ouverture.  </p>
<p data-start="825" data-end="1299">Le lit de jour Dala, également connu sous le nom de causeuse DALA, a une forme ronde généreuse avec un diamètre d&#8217;environ Ø 179 cm et une hauteur d&#8217;assise d&#8217;environ 39 cm, ce qui en fait un endroit parfait pour s&#8217;allonger en toute détente. La construction comprend des roulettes intégrées pour une rotation en douceur et des roulettes extractibles pour un déplacement facile, et même une table pivotante avec un plateau en teck de première qualité. </p>
<p data-start="1301" data-end="1699">Du point de vue des matériaux, le lit de jour est conçu pour une utilisation en extérieur : le tissu HDPE résistant aux intempéries résiste au soleil, à la pluie, au sel et à l&#8217;eau de piscine, et le cadre est résistant aux intempéries et à la corrosion, avec une garantie d&#8217;environ deux ans. Les coussins sont déhoussables et lavables, ce qui simplifie l&#8217;entretien. </p>
<p data-start="1701" data-end="1853">En bref, le lit de jour Dedon Dala est un choix élégant, durable et polyvalent pour un repos luxueux en plein air, parfait pour les rêves d&#8217;été tentaculaires.</p>

<p>Le lit de jour Dala, conçu par Stephen Burks, est un élément de salon emblématique de la collection DALA de Dedon. Cette collection associe des techniques de tissage artisanales à une fibre innovante et colorée qui a été brevetée et soigneusement développée. Le mobilier se compose d&#8217;un cadre en aluminium peint par poudrage, tissé de [&hellip;]</p>

Le lit de jour Dala, conçu par Stephen Burks, est un élément de salon emblématique de la collection DALA de Dedon. Cette collection associe des techniques de tissage artisanales à une fibre innovante et colorée qui a été brevetée et soigneusement développée. Le mobilier se compose d&#8217;un cadre en aluminium peint par poudrage, tissé de…
