{"id":32547,"date":"2025-08-04T11:47:58","date_gmt":"2025-08-04T09:47:58","guid":{"rendered":"https:\/\/gervi.be\/shop\/nestrest\/"},"modified":"2025-08-13T14:15:31","modified_gmt":"2025-08-13T12:15:31","slug":"nestrest","status":"publish","type":"product","link":"https:\/\/gervi.be\/fr\/produit\/nestrest\/","title":{"rendered":"NESTREST"},"content":{"rendered":"<p data-start=\"107\" data-end=\"632\">Le Dedon Nestrest, con\u00e7u par Daniel Pouzet et Fred Frety, est un mobilier d&#8217;ext\u00e9rieur sculptural qui r\u00e9unit l&#8217;int\u00e9rieur et l&#8217;architecture dans une exp\u00e9rience de salon harmonieuse. Sa forme s&#8217;inspire des structures raffin\u00e9es des nids d&#8217;oiseaux et fait subtilement r\u00e9f\u00e9rence \u00e0 la fois \u00e0 l&#8217;abri et \u00e0 la l\u00e9g\u00e8ret\u00e9. Le cocon est fabriqu\u00e9 en Dedon Fiber d&#8217;une largeur de quatre centim\u00e8tres. Ce mat\u00e9riau est tr\u00e8s robuste tout en \u00e9tant ouvert, ce qui lui permet de bien se ventiler et d&#8217;offrir un sentiment d&#8217;intimit\u00e9 tout en conservant la vue.   <\/p>\n<p data-start=\"634\" data-end=\"1045\">La base est constitu\u00e9e d&#8217;un cadre en aluminium, ce qui rend le lit de jour \u00e9tonnamment l\u00e9ger malgr\u00e9 son apparence robuste, puisqu&#8217;il ne p\u00e8se qu&#8217;une centaine de kilos. Avec un diam\u00e8tre d&#8217;environ deux m\u00e8tres et une hauteur d&#8217;environ 2,68 m\u00e8tres, c&#8217;est un meuble imposant. Il est disponible en version suspendue, attach\u00e9e par un syst\u00e8me de cordon solide, ou en version autoportante avec une base rotative.  <\/p>\n<p data-start=\"1047\" data-end=\"1449\" data-is-last-node=\"\" data-is-only-node=\"\">\u00c0 l&#8217;int\u00e9rieur se trouve un matelas rond et confortable avec plusieurs coussins moelleux, ce qui rend le Nestrest accueillant et confortable. Dedon d\u00e9crit ce meuble comme un refuge secret ou un cocon moderne pour le jardin, parfait pour la relaxation, la m\u00e9ditation ou les conversations tranquilles. Le Nestrest est un objet embl\u00e9matique qui allie design organique, durabilit\u00e9 et confort en un seul objet extraordinaire.  <\/p>\n","protected":false},"excerpt":{"rendered":"<p>Le Dedon Nestrest, con\u00e7u par Daniel Pouzet et Fred Frety, est un mobilier d&#8217;ext\u00e9rieur sculptural qui r\u00e9unit l&#8217;int\u00e9rieur et l&#8217;architecture dans une exp\u00e9rience de salon harmonieuse. Sa forme s&#8217;inspire des structures raffin\u00e9es des nids d&#8217;oiseaux et fait subtilement r\u00e9f\u00e9rence \u00e0 la fois \u00e0 l&#8217;abri et \u00e0 la l\u00e9g\u00e8ret\u00e9. Le cocon est fabriqu\u00e9 en Dedon Fiber [&hellip;]<\/p>\n","protected":false},"featured_media":32540,"template":"","meta":{"_acf_changed":false,"_uag_custom_page_level_css":"","site-sidebar-layout":"default","site-content-layout":"","ast-site-content-layout":"default","site-content-style":"default","site-sidebar-style":"default","ast-global-header-display":"","ast-banner-title-visibility":"","ast-main-header-display":"","ast-hfb-above-header-display":"","ast-hfb-below-header-display":"","ast-hfb-mobile-header-display":"","site-post-title":"","ast-breadcrumbs-content":"","ast-featured-img":"","footer-sml-layout":"","ast-disable-related-posts":"","theme-transparent-header-meta":"default","adv-header-id-meta":"","stick-header-meta":"","header-above-stick-meta":"","header-main-stick-meta":"","header-below-stick-meta":"","astra-migrate-meta-layouts":"default","ast-page-background-enabled":"default","ast-page-background-meta":{"desktop":{"background-color":"","background-image":"","background-repeat":"repeat","background-position":"center center","background-size":"auto","background-attachment":"scroll","background-type":"","background-media":"","overlay-type":"","overlay-color":"","overlay-opacity":"","overlay-gradient":""},"tablet":{"background-color":"","background-image":"","background-repeat":"repeat","background-position":"center center","background-size":"auto","background-attachment":"scroll","background-type":"","background-media":"","overlay-type":"","overlay-color":"","overlay-opacity":"","overlay-gradient":""},"mobile":{"background-color":"","background-image":"","background-repeat":"repeat","background-position":"center center","background-size":"auto","background-attachment":"scroll","background-type":"","background-media":"","overlay-type":"","overlay-color":"","overlay-opacity":"","overlay-gradient":""}},"ast-content-background-meta":{"desktop":{"background-color":"var(--ast-global-color-5)","background-image":"","background-repeat":"repeat","background-position":"center center","background-size":"auto","background-attachment":"scroll","background-type":"","background-media":"","overlay-type":"","overlay-color":"","overlay-opacity":"","overlay-gradient":""},"tablet":{"background-color":"var(--ast-global-color-5)","background-image":"","background-repeat":"repeat","background-position":"center center","background-size":"auto","background-attachment":"scroll","background-type":"","background-media":"","overlay-type":"","overlay-color":"","overlay-opacity":"","overlay-gradient":""},"mobile":{"background-color":"var(--ast-global-color-5)","background-image":"","background-repeat":"repeat","background-position":"center center","background-size":"auto","background-attachment":"scroll","background-type":"","background-media":"","overlay-type":"","overlay-color":"","overlay-opacity":"","overlay-gradient":""}}},"product_brand":[6287],"product_cat":[6313,878],"product_tag":[],"class_list":{"0":"post-32547","1":"product","2":"type-product","3":"status-publish","4":"has-post-thumbnail","6":"product_brand-dedon","7":"product_cat-lit-de-jour","8":"product_cat-meubles-de-jardin","9":"desktop-align-left","10":"tablet-align-left","11":"mobile-align-left","13":"first","14":"instock","15":"taxable","16":"shipping-taxable","17":"product-type-simple"},"acf":[],"uagb_featured_image_src":{"full":["https:\/\/gervi.be\/wp-content\/uploads\/2025\/08\/Nestrest.png",750,750,false],"thumbnail":["https:\/\/gervi.be\/wp-content\/uploads\/2025\/08\/Nestrest-150x150.png",150,150,true],"medium":["https:\/\/gervi.be\/wp-content\/uploads\/2025\/08\/Nestrest-300x300.png",300,300,true],"medium_large":["https:\/\/gervi.be\/wp-content\/uploads\/2025\/08\/Nestrest.png",750,750,false],"large":["https:\/\/gervi.be\/wp-content\/uploads\/2025\/08\/Nestrest.png",750,750,false],"1536x1536":["https:\/\/gervi.be\/wp-content\/uploads\/2025\/08\/Nestrest.png",750,750,false],"2048x2048":["https:\/\/gervi.be\/wp-content\/uploads\/2025\/08\/Nestrest.png",750,750,false],"woocommerce_thumbnail":["https:\/\/gervi.be\/wp-content\/uploads\/2025\/08\/Nestrest.png",750,750,false],"woocommerce_single":["https:\/\/gervi.be\/wp-content\/uploads\/2025\/08\/Nestrest.png",750,750,false],"woocommerce_gallery_thumbnail":["https:\/\/gervi.be\/wp-content\/uploads\/2025\/08\/Nestrest-100x100.png",100,100,true],"dgwt-wcas-product-suggestion":["https:\/\/gervi.be\/wp-content\/uploads\/2025\/08\/Nestrest.png",64,64,false]},"uagb_author_info":{"display_name":"creativitijd","author_link":"https:\/\/gervi.be\/fr\/author\/"},"uagb_comment_info":0,"uagb_excerpt":"Le Dedon Nestrest, con\u00e7u par Daniel Pouzet et Fred Frety, est un mobilier d&#8217;ext\u00e9rieur sculptural qui r\u00e9unit l&#8217;int\u00e9rieur et l&#8217;architecture dans une exp\u00e9rience de salon harmonieuse. Sa forme s&#8217;inspire des structures raffin\u00e9es des nids d&#8217;oiseaux et fait subtilement r\u00e9f\u00e9rence \u00e0 la fois \u00e0 l&#8217;abri et \u00e0 la l\u00e9g\u00e8ret\u00e9. Le cocon est fabriqu\u00e9 en Dedon Fiber\u2026","_links":{"self":[{"href":"https:\/\/gervi.be\/fr\/wp-json\/wp\/v2\/product\/32547","targetHints":{"allow":["GET"]}}],"collection":[{"href":"https:\/\/gervi.be\/fr\/wp-json\/wp\/v2\/product"}],"about":[{"href":"https:\/\/gervi.be\/fr\/wp-json\/wp\/v2\/types\/product"}],"wp:featuredmedia":[{"embeddable":true,"href":"https:\/\/gervi.be\/fr\/wp-json\/wp\/v2\/media\/32540"}],"wp:attachment":[{"href":"https:\/\/gervi.be\/fr\/wp-json\/wp\/v2\/media?parent=32547"}],"wp:term":[{"taxonomy":"product_brand","embeddable":true,"href":"https:\/\/gervi.be\/fr\/wp-json\/wp\/v2\/product_brand?post=32547"},{"taxonomy":"product_cat","embeddable":true,"href":"https:\/\/gervi.be\/fr\/wp-json\/wp\/v2\/product_cat?post=32547"},{"taxonomy":"product_tag","embeddable":true,"href":"https:\/\/gervi.be\/fr\/wp-json\/wp\/v2\/product_tag?post=32547"}],"curies":[{"name":"wp","href":"https:\/\/api.w.org\/{rel}","templated":true}]}}

<p data-start="107" data-end="632">Le Dedon Nestrest, conçu par Daniel Pouzet et Fred Frety, est un mobilier d&#8217;extérieur sculptural qui réunit l&#8217;intérieur et l&#8217;architecture dans une expérience de salon harmonieuse. Sa forme s&#8217;inspire des structures raffinées des nids d&#8217;oiseaux et fait subtilement référence à la fois à l&#8217;abri et à la légèreté. Le cocon est fabriqué en Dedon Fiber d&#8217;une largeur de quatre centimètres. Ce matériau est très robuste tout en étant ouvert, ce qui lui permet de bien se ventiler et d&#8217;offrir un sentiment d&#8217;intimité tout en conservant la vue.   </p>
<p data-start="634" data-end="1045">La base est constituée d&#8217;un cadre en aluminium, ce qui rend le lit de jour étonnamment léger malgré son apparence robuste, puisqu&#8217;il ne pèse qu&#8217;une centaine de kilos. Avec un diamètre d&#8217;environ deux mètres et une hauteur d&#8217;environ 2,68 mètres, c&#8217;est un meuble imposant. Il est disponible en version suspendue, attachée par un système de cordon solide, ou en version autoportante avec une base rotative.  </p>
<p data-start="1047" data-end="1449" data-is-last-node="" data-is-only-node="">À l&#8217;intérieur se trouve un matelas rond et confortable avec plusieurs coussins moelleux, ce qui rend le Nestrest accueillant et confortable. Dedon décrit ce meuble comme un refuge secret ou un cocon moderne pour le jardin, parfait pour la relaxation, la méditation ou les conversations tranquilles. Le Nestrest est un objet emblématique qui allie design organique, durabilité et confort en un seul objet extraordinaire.  </p>

<p>Le Dedon Nestrest, conçu par Daniel Pouzet et Fred Frety, est un mobilier d&#8217;extérieur sculptural qui réunit l&#8217;intérieur et l&#8217;architecture dans une expérience de salon harmonieuse. Sa forme s&#8217;inspire des structures raffinées des nids d&#8217;oiseaux et fait subtilement référence à la fois à l&#8217;abri et à la légèreté. Le cocon est fabriqué en Dedon Fiber [&hellip;]</p>

Le Dedon Nestrest, conçu par Daniel Pouzet et Fred Frety, est un mobilier d&#8217;extérieur sculptural qui réunit l&#8217;intérieur et l&#8217;architecture dans une expérience de salon harmonieuse. Sa forme s&#8217;inspire des structures raffinées des nids d&#8217;oiseaux et fait subtilement référence à la fois à l&#8217;abri et à la légèreté. Le cocon est fabriqué en Dedon Fiber…
