{"id":32537,"date":"2025-08-04T11:46:54","date_gmt":"2025-08-04T09:46:54","guid":{"rendered":"https:\/\/gervi.be\/shop\/mesh-2\/"},"modified":"2025-08-13T14:05:21","modified_gmt":"2025-08-13T12:05:21","slug":"mesh-2","status":"publish","type":"product","link":"https:\/\/gervi.be\/fr\/produit\/mesh-2\/","title":{"rendered":"MESH"},"content":{"rendered":"<p data-start=\"252\" data-end=\"700\">Le lit de jour Mesh, con\u00e7u par Patricia Urquiola pour Kettal, est un \u00e9l\u00e9ment de salon sophistiqu\u00e9 et confortable qui allie finesse architecturale et confort accueillant. Le mobilier s&#8217;inspire de l&#8217;architecture des fa\u00e7ades : les panneaux m\u00e9talliques perfor\u00e9s du dossier et des panneaux lat\u00e9raux offrent une cloison subtile qui laisse passer l&#8217;air et la lumi\u00e8re, tout en conservant un sentiment de protection. <\/p>\n<p data-start=\"702\" data-end=\"1088\">La construction consiste en une structure arri\u00e8re en aluminium partiellement peint, combin\u00e9e \u00e0 une base solide en bois de teck, un choix durable qui conf\u00e8re un aspect chaleureux au lit de jour. Ce m\u00e9lange de mat\u00e9riaux industriels et naturels souligne le concept de contraste qui caract\u00e9rise la collection Mesh. <\/p>\n<p data-start=\"1090\" data-end=\"1388\">Pour un confort d&#8217;assise optimal, le lit de jour est dot\u00e9 de coussins d&#8217;assise moelleux, recouverts de tissus d&#8217;ext\u00e9rieur durables et r\u00e9sistants aux intemp\u00e9ries. Ces tissus r\u00e9sistent \u00e0 l&#8217;exposition au soleil, \u00e0 l&#8217;usure et \u00e0 la d\u00e9chirure et s\u00e8chent rapidement, ce qui les rend tr\u00e8s faciles \u00e0 entretenir. <\/p>\n<p data-start=\"1390\" data-end=\"1590\">En termes de dimensions, le lit de jour Mesh a une longueur d&#8217;environ 163 cm, une largeur de 140 cm et une hauteur d&#8217;environ 77 cm. La hauteur de l&#8217;assise est d&#8217;environ 40,5 cm. <\/p>\n<p data-start=\"1592\" data-end=\"1858\">En r\u00e9sum\u00e9, le lit de jour Mesh est un meuble d&#8217;ext\u00e9rieur accueillant qui associe des \u00e9l\u00e9ments architecturaux modernes, des mat\u00e9riaux robustes et un grand confort d&#8217;assise. Il s&#8217;agit d&#8217;un compl\u00e9ment \u00e9l\u00e9gant pour ceux qui souhaitent combiner la d\u00e9tente en plein air avec le design et la durabilit\u00e9. <\/p>\n","protected":false},"excerpt":{"rendered":"<p>Le lit de jour Mesh, con\u00e7u par Patricia Urquiola pour Kettal, est un \u00e9l\u00e9ment de salon sophistiqu\u00e9 et confortable qui allie finesse architecturale et confort accueillant. Le mobilier s&#8217;inspire de l&#8217;architecture des fa\u00e7ades : les panneaux m\u00e9talliques perfor\u00e9s du dossier et des panneaux lat\u00e9raux offrent une cloison subtile qui laisse passer l&#8217;air et la lumi\u00e8re, [&hellip;]<\/p>\n","protected":false},"featured_media":32532,"template":"","meta":{"_acf_changed":false,"_uag_custom_page_level_css":"","site-sidebar-layout":"default","site-content-layout":"","ast-site-content-layout":"default","site-content-style":"default","site-sidebar-style":"default","ast-global-header-display":"","ast-banner-title-visibility":"","ast-main-header-display":"","ast-hfb-above-header-display":"","ast-hfb-below-header-display":"","ast-hfb-mobile-header-display":"","site-post-title":"","ast-breadcrumbs-content":"","ast-featured-img":"","footer-sml-layout":"","ast-disable-related-posts":"","theme-transparent-header-meta":"default","adv-header-id-meta":"","stick-header-meta":"","header-above-stick-meta":"","header-main-stick-meta":"","header-below-stick-meta":"","astra-migrate-meta-layouts":"default","ast-page-background-enabled":"default","ast-page-background-meta":{"desktop":{"background-color":"","background-image":"","background-repeat":"repeat","background-position":"center center","background-size":"auto","background-attachment":"scroll","background-type":"","background-media":"","overlay-type":"","overlay-color":"","overlay-opacity":"","overlay-gradient":""},"tablet":{"background-color":"","background-image":"","background-repeat":"repeat","background-position":"center center","background-size":"auto","background-attachment":"scroll","background-type":"","background-media":"","overlay-type":"","overlay-color":"","overlay-opacity":"","overlay-gradient":""},"mobile":{"background-color":"","background-image":"","background-repeat":"repeat","background-position":"center center","background-size":"auto","background-attachment":"scroll","background-type":"","background-media":"","overlay-type":"","overlay-color":"","overlay-opacity":"","overlay-gradient":""}},"ast-content-background-meta":{"desktop":{"background-color":"var(--ast-global-color-5)","background-image":"","background-repeat":"repeat","background-position":"center center","background-size":"auto","background-attachment":"scroll","background-type":"","background-media":"","overlay-type":"","overlay-color":"","overlay-opacity":"","overlay-gradient":""},"tablet":{"background-color":"var(--ast-global-color-5)","background-image":"","background-repeat":"repeat","background-position":"center center","background-size":"auto","background-attachment":"scroll","background-type":"","background-media":"","overlay-type":"","overlay-color":"","overlay-opacity":"","overlay-gradient":""},"mobile":{"background-color":"var(--ast-global-color-5)","background-image":"","background-repeat":"repeat","background-position":"center center","background-size":"auto","background-attachment":"scroll","background-type":"","background-media":"","overlay-type":"","overlay-color":"","overlay-opacity":"","overlay-gradient":""}}},"product_brand":[6304],"product_cat":[6313,878],"product_tag":[],"class_list":{"0":"post-32537","1":"product","2":"type-product","3":"status-publish","4":"has-post-thumbnail","6":"product_brand-kettal","7":"product_cat-lit-de-jour","8":"product_cat-meubles-de-jardin","9":"desktop-align-left","10":"tablet-align-left","11":"mobile-align-left","13":"first","14":"instock","15":"taxable","16":"shipping-taxable","17":"product-type-simple"},"acf":[],"uagb_featured_image_src":{"full":["https:\/\/gervi.be\/wp-content\/uploads\/2025\/08\/Mesh-1.png",750,750,false],"thumbnail":["https:\/\/gervi.be\/wp-content\/uploads\/2025\/08\/Mesh-1-150x150.png",150,150,true],"medium":["https:\/\/gervi.be\/wp-content\/uploads\/2025\/08\/Mesh-1-300x300.png",300,300,true],"medium_large":["https:\/\/gervi.be\/wp-content\/uploads\/2025\/08\/Mesh-1.png",750,750,false],"large":["https:\/\/gervi.be\/wp-content\/uploads\/2025\/08\/Mesh-1.png",750,750,false],"1536x1536":["https:\/\/gervi.be\/wp-content\/uploads\/2025\/08\/Mesh-1.png",750,750,false],"2048x2048":["https:\/\/gervi.be\/wp-content\/uploads\/2025\/08\/Mesh-1.png",750,750,false],"woocommerce_thumbnail":["https:\/\/gervi.be\/wp-content\/uploads\/2025\/08\/Mesh-1.png",750,750,false],"woocommerce_single":["https:\/\/gervi.be\/wp-content\/uploads\/2025\/08\/Mesh-1.png",750,750,false],"woocommerce_gallery_thumbnail":["https:\/\/gervi.be\/wp-content\/uploads\/2025\/08\/Mesh-1-100x100.png",100,100,true],"dgwt-wcas-product-suggestion":["https:\/\/gervi.be\/wp-content\/uploads\/2025\/08\/Mesh-1.png",64,64,false]},"uagb_author_info":{"display_name":"creativitijd","author_link":"https:\/\/gervi.be\/fr\/author\/"},"uagb_comment_info":0,"uagb_excerpt":"Le lit de jour Mesh, con\u00e7u par Patricia Urquiola pour Kettal, est un \u00e9l\u00e9ment de salon sophistiqu\u00e9 et confortable qui allie finesse architecturale et confort accueillant. Le mobilier s&#8217;inspire de l&#8217;architecture des fa\u00e7ades : les panneaux m\u00e9talliques perfor\u00e9s du dossier et des panneaux lat\u00e9raux offrent une cloison subtile qui laisse passer l&#8217;air et la lumi\u00e8re,\u2026","_links":{"self":[{"href":"https:\/\/gervi.be\/fr\/wp-json\/wp\/v2\/product\/32537","targetHints":{"allow":["GET"]}}],"collection":[{"href":"https:\/\/gervi.be\/fr\/wp-json\/wp\/v2\/product"}],"about":[{"href":"https:\/\/gervi.be\/fr\/wp-json\/wp\/v2\/types\/product"}],"wp:featuredmedia":[{"embeddable":true,"href":"https:\/\/gervi.be\/fr\/wp-json\/wp\/v2\/media\/32532"}],"wp:attachment":[{"href":"https:\/\/gervi.be\/fr\/wp-json\/wp\/v2\/media?parent=32537"}],"wp:term":[{"taxonomy":"product_brand","embeddable":true,"href":"https:\/\/gervi.be\/fr\/wp-json\/wp\/v2\/product_brand?post=32537"},{"taxonomy":"product_cat","embeddable":true,"href":"https:\/\/gervi.be\/fr\/wp-json\/wp\/v2\/product_cat?post=32537"},{"taxonomy":"product_tag","embeddable":true,"href":"https:\/\/gervi.be\/fr\/wp-json\/wp\/v2\/product_tag?post=32537"}],"curies":[{"name":"wp","href":"https:\/\/api.w.org\/{rel}","templated":true}]}}

<p data-start="252" data-end="700">Le lit de jour Mesh, conçu par Patricia Urquiola pour Kettal, est un élément de salon sophistiqué et confortable qui allie finesse architecturale et confort accueillant. Le mobilier s&#8217;inspire de l&#8217;architecture des façades : les panneaux métalliques perforés du dossier et des panneaux latéraux offrent une cloison subtile qui laisse passer l&#8217;air et la lumière, tout en conservant un sentiment de protection. </p>
<p data-start="702" data-end="1088">La construction consiste en une structure arrière en aluminium partiellement peint, combinée à une base solide en bois de teck, un choix durable qui confère un aspect chaleureux au lit de jour. Ce mélange de matériaux industriels et naturels souligne le concept de contraste qui caractérise la collection Mesh. </p>
<p data-start="1090" data-end="1388">Pour un confort d&#8217;assise optimal, le lit de jour est doté de coussins d&#8217;assise moelleux, recouverts de tissus d&#8217;extérieur durables et résistants aux intempéries. Ces tissus résistent à l&#8217;exposition au soleil, à l&#8217;usure et à la déchirure et sèchent rapidement, ce qui les rend très faciles à entretenir. </p>
<p data-start="1390" data-end="1590">En termes de dimensions, le lit de jour Mesh a une longueur d&#8217;environ 163 cm, une largeur de 140 cm et une hauteur d&#8217;environ 77 cm. La hauteur de l&#8217;assise est d&#8217;environ 40,5 cm. </p>
<p data-start="1592" data-end="1858">En résumé, le lit de jour Mesh est un meuble d&#8217;extérieur accueillant qui associe des éléments architecturaux modernes, des matériaux robustes et un grand confort d&#8217;assise. Il s&#8217;agit d&#8217;un complément élégant pour ceux qui souhaitent combiner la détente en plein air avec le design et la durabilité. </p>

<p>Le lit de jour Mesh, conçu par Patricia Urquiola pour Kettal, est un élément de salon sophistiqué et confortable qui allie finesse architecturale et confort accueillant. Le mobilier s&#8217;inspire de l&#8217;architecture des façades : les panneaux métalliques perforés du dossier et des panneaux latéraux offrent une cloison subtile qui laisse passer l&#8217;air et la lumière, [&hellip;]</p>

Le lit de jour Mesh, conçu par Patricia Urquiola pour Kettal, est un élément de salon sophistiqué et confortable qui allie finesse architecturale et confort accueillant. Le mobilier s&#8217;inspire de l&#8217;architecture des façades : les panneaux métalliques perforés du dossier et des panneaux latéraux offrent une cloison subtile qui laisse passer l&#8217;air et la lumière,…
