{"id":32529,"date":"2025-08-04T11:45:39","date_gmt":"2025-08-04T09:45:39","guid":{"rendered":"https:\/\/gervi.be\/shop\/erica-4\/"},"modified":"2025-08-12T15:35:21","modified_gmt":"2025-08-12T13:35:21","slug":"erica-4","status":"publish","type":"product","link":"https:\/\/gervi.be\/fr\/produit\/erica-4\/","title":{"rendered":"ERICA"},"content":{"rendered":"<p data-start=\"228\" data-end=\"541\">Le lit de jour Erica fait partie de la prestigieuse collection Erica (lanc\u00e9e en 2017 et r\u00e9\u00e9dit\u00e9e en 2025), qui se caract\u00e9rise par une simplicit\u00e9 \u00e9l\u00e9gante, une l\u00e9g\u00e8ret\u00e9 exceptionnelle et une durabilit\u00e9 extraordinaire, id\u00e9ale pour les terrasses priv\u00e9es et les espaces ext\u00e9rieurs publics.<\/p>\n<p data-start=\"543\" data-end=\"1010\">Ce lit de jour se distingue par ses proportions g\u00e9n\u00e9reuses, son dossier haut et son appui-t\u00eate int\u00e9gr\u00e9, qui assurent un confort de s\u00e9jour optimal. La structure est en aluminium moul\u00e9 par injection et peint par poudrage, \u00e0 la fois l\u00e9g\u00e8re et robuste, associ\u00e9e \u00e0 un tressage sophistiqu\u00e9 de bandes de polypropyl\u00e8ne, renforc\u00e9 par un noyau \u00e0 haute r\u00e9sistance, parfaitement adapt\u00e9 \u00e0 une utilisation en ext\u00e9rieur. <\/p>\n<p data-start=\"1012\" data-end=\"1402\">En 2025, B&amp;B Italia a encore \u00e9largi la collection. Par exemple, le lit de jour Erica est maintenant disponible dans de nouvelles couleurs textur\u00e9es telles que l&#8217;aigue-marine, le blanc cr\u00e8me et le bronze olive, et avec des combinaisons de cadres assortis, par exemple, en beige, anthracite ou gris tourterelle. Des tissus assortis (unis ou \u00e0 rayures) sont \u00e9galement disponibles, adapt\u00e9s aux environnements ext\u00e9rieurs.  <\/p>\n<p data-start=\"1404\" data-end=\"1609\">En bref, le lit de jour Erica incarne un design italien sophistiqu\u00e9, avec un accent particulier sur le confort, l&#8217;esth\u00e9tique et l&#8217;adaptabilit\u00e9. C&#8217;est un choix \u00e9l\u00e9gant et accueillant pour ceux qui veulent se d\u00e9tendre \u00e0 l&#8217;ext\u00e9rieur dans le luxe. <\/p>\n","protected":false},"excerpt":{"rendered":"<p>Le lit de jour Erica fait partie de la prestigieuse collection Erica (lanc\u00e9e en 2017 et r\u00e9\u00e9dit\u00e9e en 2025), qui se caract\u00e9rise par une simplicit\u00e9 \u00e9l\u00e9gante, une l\u00e9g\u00e8ret\u00e9 exceptionnelle et une durabilit\u00e9 extraordinaire, id\u00e9ale pour les terrasses priv\u00e9es et les espaces ext\u00e9rieurs publics. Ce lit de jour se distingue par ses proportions g\u00e9n\u00e9reuses, son dossier [&hellip;]<\/p>\n","protected":false},"featured_media":32522,"template":"","meta":{"_acf_changed":false,"_uag_custom_page_level_css":"","site-sidebar-layout":"default","site-content-layout":"","ast-site-content-layout":"default","site-content-style":"default","site-sidebar-style":"default","ast-global-header-display":"","ast-banner-title-visibility":"","ast-main-header-display":"","ast-hfb-above-header-display":"","ast-hfb-below-header-display":"","ast-hfb-mobile-header-display":"","site-post-title":"","ast-breadcrumbs-content":"","ast-featured-img":"","footer-sml-layout":"","ast-disable-related-posts":"","theme-transparent-header-meta":"default","adv-header-id-meta":"","stick-header-meta":"","header-above-stick-meta":"","header-main-stick-meta":"","header-below-stick-meta":"","astra-migrate-meta-layouts":"default","ast-page-background-enabled":"default","ast-page-background-meta":{"desktop":{"background-color":"","background-image":"","background-repeat":"repeat","background-position":"center center","background-size":"auto","background-attachment":"scroll","background-type":"","background-media":"","overlay-type":"","overlay-color":"","overlay-opacity":"","overlay-gradient":""},"tablet":{"background-color":"","background-image":"","background-repeat":"repeat","background-position":"center center","background-size":"auto","background-attachment":"scroll","background-type":"","background-media":"","overlay-type":"","overlay-color":"","overlay-opacity":"","overlay-gradient":""},"mobile":{"background-color":"","background-image":"","background-repeat":"repeat","background-position":"center center","background-size":"auto","background-attachment":"scroll","background-type":"","background-media":"","overlay-type":"","overlay-color":"","overlay-opacity":"","overlay-gradient":""}},"ast-content-background-meta":{"desktop":{"background-color":"var(--ast-global-color-5)","background-image":"","background-repeat":"repeat","background-position":"center center","background-size":"auto","background-attachment":"scroll","background-type":"","background-media":"","overlay-type":"","overlay-color":"","overlay-opacity":"","overlay-gradient":""},"tablet":{"background-color":"var(--ast-global-color-5)","background-image":"","background-repeat":"repeat","background-position":"center center","background-size":"auto","background-attachment":"scroll","background-type":"","background-media":"","overlay-type":"","overlay-color":"","overlay-opacity":"","overlay-gradient":""},"mobile":{"background-color":"var(--ast-global-color-5)","background-image":"","background-repeat":"repeat","background-position":"center center","background-size":"auto","background-attachment":"scroll","background-type":"","background-media":"","overlay-type":"","overlay-color":"","overlay-opacity":"","overlay-gradient":""}}},"product_brand":[6298],"product_cat":[6313,878],"product_tag":[],"class_list":{"0":"post-32529","1":"product","2":"type-product","3":"status-publish","4":"has-post-thumbnail","6":"product_brand-bb-italia","7":"product_cat-lit-de-jour","8":"product_cat-meubles-de-jardin","9":"desktop-align-left","10":"tablet-align-left","11":"mobile-align-left","13":"first","14":"instock","15":"taxable","16":"shipping-taxable","17":"product-type-simple"},"acf":[],"uagb_featured_image_src":{"full":["https:\/\/gervi.be\/wp-content\/uploads\/2025\/08\/Erica-1.png",750,750,false],"thumbnail":["https:\/\/gervi.be\/wp-content\/uploads\/2025\/08\/Erica-1-150x150.png",150,150,true],"medium":["https:\/\/gervi.be\/wp-content\/uploads\/2025\/08\/Erica-1-300x300.png",300,300,true],"medium_large":["https:\/\/gervi.be\/wp-content\/uploads\/2025\/08\/Erica-1.png",750,750,false],"large":["https:\/\/gervi.be\/wp-content\/uploads\/2025\/08\/Erica-1.png",750,750,false],"1536x1536":["https:\/\/gervi.be\/wp-content\/uploads\/2025\/08\/Erica-1.png",750,750,false],"2048x2048":["https:\/\/gervi.be\/wp-content\/uploads\/2025\/08\/Erica-1.png",750,750,false],"woocommerce_thumbnail":["https:\/\/gervi.be\/wp-content\/uploads\/2025\/08\/Erica-1.png",750,750,false],"woocommerce_single":["https:\/\/gervi.be\/wp-content\/uploads\/2025\/08\/Erica-1.png",750,750,false],"woocommerce_gallery_thumbnail":["https:\/\/gervi.be\/wp-content\/uploads\/2025\/08\/Erica-1-100x100.png",100,100,true],"dgwt-wcas-product-suggestion":["https:\/\/gervi.be\/wp-content\/uploads\/2025\/08\/Erica-1.png",64,64,false]},"uagb_author_info":{"display_name":"creativitijd","author_link":"https:\/\/gervi.be\/fr\/author\/"},"uagb_comment_info":0,"uagb_excerpt":"Le lit de jour Erica fait partie de la prestigieuse collection Erica (lanc\u00e9e en 2017 et r\u00e9\u00e9dit\u00e9e en 2025), qui se caract\u00e9rise par une simplicit\u00e9 \u00e9l\u00e9gante, une l\u00e9g\u00e8ret\u00e9 exceptionnelle et une durabilit\u00e9 extraordinaire, id\u00e9ale pour les terrasses priv\u00e9es et les espaces ext\u00e9rieurs publics. Ce lit de jour se distingue par ses proportions g\u00e9n\u00e9reuses, son dossier\u2026","_links":{"self":[{"href":"https:\/\/gervi.be\/fr\/wp-json\/wp\/v2\/product\/32529","targetHints":{"allow":["GET"]}}],"collection":[{"href":"https:\/\/gervi.be\/fr\/wp-json\/wp\/v2\/product"}],"about":[{"href":"https:\/\/gervi.be\/fr\/wp-json\/wp\/v2\/types\/product"}],"wp:featuredmedia":[{"embeddable":true,"href":"https:\/\/gervi.be\/fr\/wp-json\/wp\/v2\/media\/32522"}],"wp:attachment":[{"href":"https:\/\/gervi.be\/fr\/wp-json\/wp\/v2\/media?parent=32529"}],"wp:term":[{"taxonomy":"product_brand","embeddable":true,"href":"https:\/\/gervi.be\/fr\/wp-json\/wp\/v2\/product_brand?post=32529"},{"taxonomy":"product_cat","embeddable":true,"href":"https:\/\/gervi.be\/fr\/wp-json\/wp\/v2\/product_cat?post=32529"},{"taxonomy":"product_tag","embeddable":true,"href":"https:\/\/gervi.be\/fr\/wp-json\/wp\/v2\/product_tag?post=32529"}],"curies":[{"name":"wp","href":"https:\/\/api.w.org\/{rel}","templated":true}]}}

<p data-start="228" data-end="541">Le lit de jour Erica fait partie de la prestigieuse collection Erica (lancée en 2017 et rééditée en 2025), qui se caractérise par une simplicité élégante, une légèreté exceptionnelle et une durabilité extraordinaire, idéale pour les terrasses privées et les espaces extérieurs publics.</p>
<p data-start="543" data-end="1010">Ce lit de jour se distingue par ses proportions généreuses, son dossier haut et son appui-tête intégré, qui assurent un confort de séjour optimal. La structure est en aluminium moulé par injection et peint par poudrage, à la fois légère et robuste, associée à un tressage sophistiqué de bandes de polypropylène, renforcé par un noyau à haute résistance, parfaitement adapté à une utilisation en extérieur. </p>
<p data-start="1012" data-end="1402">En 2025, B&amp;B Italia a encore élargi la collection. Par exemple, le lit de jour Erica est maintenant disponible dans de nouvelles couleurs texturées telles que l&#8217;aigue-marine, le blanc crème et le bronze olive, et avec des combinaisons de cadres assortis, par exemple, en beige, anthracite ou gris tourterelle. Des tissus assortis (unis ou à rayures) sont également disponibles, adaptés aux environnements extérieurs.  </p>
<p data-start="1404" data-end="1609">En bref, le lit de jour Erica incarne un design italien sophistiqué, avec un accent particulier sur le confort, l&#8217;esthétique et l&#8217;adaptabilité. C&#8217;est un choix élégant et accueillant pour ceux qui veulent se détendre à l&#8217;extérieur dans le luxe. </p>

<p>Le lit de jour Erica fait partie de la prestigieuse collection Erica (lancée en 2017 et rééditée en 2025), qui se caractérise par une simplicité élégante, une légèreté exceptionnelle et une durabilité extraordinaire, idéale pour les terrasses privées et les espaces extérieurs publics. Ce lit de jour se distingue par ses proportions généreuses, son dossier [&hellip;]</p>

Le lit de jour Erica fait partie de la prestigieuse collection Erica (lancée en 2017 et rééditée en 2025), qui se caractérise par une simplicité élégante, une légèreté exceptionnelle et une durabilité extraordinaire, idéale pour les terrasses privées et les espaces extérieurs publics. Ce lit de jour se distingue par ses proportions généreuses, son dossier…
