{"id":32519,"date":"2025-08-04T11:44:37","date_gmt":"2025-08-04T09:44:37","guid":{"rendered":"https:\/\/gervi.be\/shop\/baza-3\/"},"modified":"2025-08-12T14:18:00","modified_gmt":"2025-08-12T12:18:00","slug":"baza-3","status":"publish","type":"product","link":"https:\/\/gervi.be\/fr\/produit\/baza-3\/","title":{"rendered":"BAZA"},"content":{"rendered":"<p data-start=\"0\" data-end=\"632\">Le Todus Baza Round Daybed est un meuble d&#8217;ext\u00e9rieur \u00e9l\u00e9gant et luxueux con\u00e7u par Studio Segers pour la marque tch\u00e8que Todus. Le design rond respire l&#8217;\u00e9l\u00e9gance et le confort, id\u00e9al pour se d\u00e9tendre dans le jardin, sur la terrasse ou au bord de la piscine, seul ou \u00e0 deux. La structure est en acier inoxydable peint par poudrage, qui est non seulement solide et r\u00e9sistant \u00e0 la corrosion, mais aussi enti\u00e8rement recyclable. Les coussins g\u00e9n\u00e9reux sont recouverts de tissus de haute qualit\u00e9, r\u00e9sistants aux intemp\u00e9ries, aux UV et aux champignons, ils s\u00e8chent rapidement et sont faciles \u00e0 nettoyer.   <\/p>\n<p data-start=\"634\" data-end=\"1097\">Gr\u00e2ce au rembourrage en mousse QuickDry, les coussins s\u00e8chent rapidement apr\u00e8s la pluie, ce qui permet au lit de jour de rester \u00e0 l&#8217;ext\u00e9rieur toute la saison. Le dossier se compose de quatre parties distinctes, ce qui vous permet de cr\u00e9er diff\u00e9rentes positions assises et allong\u00e9es. Les dimensions g\u00e9n\u00e9reuses (environ 170 \u00d7 164 \u00d7 73 cm) et la hauteur d&#8217;assise d&#8217;environ 46 cm offrent beaucoup d&#8217;espace et de confort. Les pieds r\u00e9glables permettent de mettre le meuble parfaitement \u00e0 niveau.   <\/p>\n<p data-start=\"1099\" data-end=\"1344\" data-is-last-node=\"\" data-is-only-node=\"\">Le lit de jour rond Baza est disponible dans une vari\u00e9t\u00e9 de couleurs de cadre et de tissu pour s&#8217;adapter parfaitement \u00e0 votre d\u00e9cor ext\u00e9rieur. Avec ses mat\u00e9riaux durables et son design intemporel, il allie style, confort et fonctionnalit\u00e9 au plus haut niveau. <\/p>\n","protected":false},"excerpt":{"rendered":"<p>Le Todus Baza Round Daybed est un meuble d&#8217;ext\u00e9rieur \u00e9l\u00e9gant et luxueux con\u00e7u par Studio Segers pour la marque tch\u00e8que Todus. Le design rond respire l&#8217;\u00e9l\u00e9gance et le confort, id\u00e9al pour se d\u00e9tendre dans le jardin, sur la terrasse ou au bord de la piscine, seul ou \u00e0 deux. La structure est en acier inoxydable [&hellip;]<\/p>\n","protected":false},"featured_media":32510,"template":"","meta":{"_acf_changed":false,"_uag_custom_page_level_css":"","site-sidebar-layout":"default","site-content-layout":"","ast-site-content-layout":"default","site-content-style":"default","site-sidebar-style":"default","ast-global-header-display":"","ast-banner-title-visibility":"","ast-main-header-display":"","ast-hfb-above-header-display":"","ast-hfb-below-header-display":"","ast-hfb-mobile-header-display":"","site-post-title":"","ast-breadcrumbs-content":"","ast-featured-img":"","footer-sml-layout":"","ast-disable-related-posts":"","theme-transparent-header-meta":"default","adv-header-id-meta":"","stick-header-meta":"","header-above-stick-meta":"","header-main-stick-meta":"","header-below-stick-meta":"","astra-migrate-meta-layouts":"default","ast-page-background-enabled":"default","ast-page-background-meta":{"desktop":{"background-color":"","background-image":"","background-repeat":"repeat","background-position":"center center","background-size":"auto","background-attachment":"scroll","background-type":"","background-media":"","overlay-type":"","overlay-color":"","overlay-opacity":"","overlay-gradient":""},"tablet":{"background-color":"","background-image":"","background-repeat":"repeat","background-position":"center center","background-size":"auto","background-attachment":"scroll","background-type":"","background-media":"","overlay-type":"","overlay-color":"","overlay-opacity":"","overlay-gradient":""},"mobile":{"background-color":"","background-image":"","background-repeat":"repeat","background-position":"center center","background-size":"auto","background-attachment":"scroll","background-type":"","background-media":"","overlay-type":"","overlay-color":"","overlay-opacity":"","overlay-gradient":""}},"ast-content-background-meta":{"desktop":{"background-color":"var(--ast-global-color-5)","background-image":"","background-repeat":"repeat","background-position":"center center","background-size":"auto","background-attachment":"scroll","background-type":"","background-media":"","overlay-type":"","overlay-color":"","overlay-opacity":"","overlay-gradient":""},"tablet":{"background-color":"var(--ast-global-color-5)","background-image":"","background-repeat":"repeat","background-position":"center center","background-size":"auto","background-attachment":"scroll","background-type":"","background-media":"","overlay-type":"","overlay-color":"","overlay-opacity":"","overlay-gradient":""},"mobile":{"background-color":"var(--ast-global-color-5)","background-image":"","background-repeat":"repeat","background-position":"center center","background-size":"auto","background-attachment":"scroll","background-type":"","background-media":"","overlay-type":"","overlay-color":"","overlay-opacity":"","overlay-gradient":""}}},"product_brand":[6297],"product_cat":[6313,878],"product_tag":[],"class_list":{"0":"post-32519","1":"product","2":"type-product","3":"status-publish","4":"has-post-thumbnail","6":"product_brand-todus","7":"product_cat-lit-de-jour","8":"product_cat-meubles-de-jardin","9":"desktop-align-left","10":"tablet-align-left","11":"mobile-align-left","13":"first","14":"instock","15":"taxable","16":"shipping-taxable","17":"product-type-simple"},"acf":[],"uagb_featured_image_src":{"full":["https:\/\/gervi.be\/wp-content\/uploads\/2025\/08\/Baza.png",750,750,false],"thumbnail":["https:\/\/gervi.be\/wp-content\/uploads\/2025\/08\/Baza-150x150.png",150,150,true],"medium":["https:\/\/gervi.be\/wp-content\/uploads\/2025\/08\/Baza-300x300.png",300,300,true],"medium_large":["https:\/\/gervi.be\/wp-content\/uploads\/2025\/08\/Baza.png",750,750,false],"large":["https:\/\/gervi.be\/wp-content\/uploads\/2025\/08\/Baza.png",750,750,false],"1536x1536":["https:\/\/gervi.be\/wp-content\/uploads\/2025\/08\/Baza.png",750,750,false],"2048x2048":["https:\/\/gervi.be\/wp-content\/uploads\/2025\/08\/Baza.png",750,750,false],"woocommerce_thumbnail":["https:\/\/gervi.be\/wp-content\/uploads\/2025\/08\/Baza.png",750,750,false],"woocommerce_single":["https:\/\/gervi.be\/wp-content\/uploads\/2025\/08\/Baza.png",750,750,false],"woocommerce_gallery_thumbnail":["https:\/\/gervi.be\/wp-content\/uploads\/2025\/08\/Baza-100x100.png",100,100,true],"dgwt-wcas-product-suggestion":["https:\/\/gervi.be\/wp-content\/uploads\/2025\/08\/Baza.png",64,64,false]},"uagb_author_info":{"display_name":"creativitijd","author_link":"https:\/\/gervi.be\/fr\/author\/"},"uagb_comment_info":0,"uagb_excerpt":"Le Todus Baza Round Daybed est un meuble d&#8217;ext\u00e9rieur \u00e9l\u00e9gant et luxueux con\u00e7u par Studio Segers pour la marque tch\u00e8que Todus. Le design rond respire l&#8217;\u00e9l\u00e9gance et le confort, id\u00e9al pour se d\u00e9tendre dans le jardin, sur la terrasse ou au bord de la piscine, seul ou \u00e0 deux. La structure est en acier inoxydable\u2026","_links":{"self":[{"href":"https:\/\/gervi.be\/fr\/wp-json\/wp\/v2\/product\/32519","targetHints":{"allow":["GET"]}}],"collection":[{"href":"https:\/\/gervi.be\/fr\/wp-json\/wp\/v2\/product"}],"about":[{"href":"https:\/\/gervi.be\/fr\/wp-json\/wp\/v2\/types\/product"}],"wp:featuredmedia":[{"embeddable":true,"href":"https:\/\/gervi.be\/fr\/wp-json\/wp\/v2\/media\/32510"}],"wp:attachment":[{"href":"https:\/\/gervi.be\/fr\/wp-json\/wp\/v2\/media?parent=32519"}],"wp:term":[{"taxonomy":"product_brand","embeddable":true,"href":"https:\/\/gervi.be\/fr\/wp-json\/wp\/v2\/product_brand?post=32519"},{"taxonomy":"product_cat","embeddable":true,"href":"https:\/\/gervi.be\/fr\/wp-json\/wp\/v2\/product_cat?post=32519"},{"taxonomy":"product_tag","embeddable":true,"href":"https:\/\/gervi.be\/fr\/wp-json\/wp\/v2\/product_tag?post=32519"}],"curies":[{"name":"wp","href":"https:\/\/api.w.org\/{rel}","templated":true}]}}

<p data-start="0" data-end="632">Le Todus Baza Round Daybed est un meuble d&#8217;extérieur élégant et luxueux conçu par Studio Segers pour la marque tchèque Todus. Le design rond respire l&#8217;élégance et le confort, idéal pour se détendre dans le jardin, sur la terrasse ou au bord de la piscine, seul ou à deux. La structure est en acier inoxydable peint par poudrage, qui est non seulement solide et résistant à la corrosion, mais aussi entièrement recyclable. Les coussins généreux sont recouverts de tissus de haute qualité, résistants aux intempéries, aux UV et aux champignons, ils sèchent rapidement et sont faciles à nettoyer.   </p>
<p data-start="634" data-end="1097">Grâce au rembourrage en mousse QuickDry, les coussins sèchent rapidement après la pluie, ce qui permet au lit de jour de rester à l&#8217;extérieur toute la saison. Le dossier se compose de quatre parties distinctes, ce qui vous permet de créer différentes positions assises et allongées. Les dimensions généreuses (environ 170 × 164 × 73 cm) et la hauteur d&#8217;assise d&#8217;environ 46 cm offrent beaucoup d&#8217;espace et de confort. Les pieds réglables permettent de mettre le meuble parfaitement à niveau.   </p>
<p data-start="1099" data-end="1344" data-is-last-node="" data-is-only-node="">Le lit de jour rond Baza est disponible dans une variété de couleurs de cadre et de tissu pour s&#8217;adapter parfaitement à votre décor extérieur. Avec ses matériaux durables et son design intemporel, il allie style, confort et fonctionnalité au plus haut niveau. </p>

<p>Le Todus Baza Round Daybed est un meuble d&#8217;extérieur élégant et luxueux conçu par Studio Segers pour la marque tchèque Todus. Le design rond respire l&#8217;élégance et le confort, idéal pour se détendre dans le jardin, sur la terrasse ou au bord de la piscine, seul ou à deux. La structure est en acier inoxydable [&hellip;]</p>

Le Todus Baza Round Daybed est un meuble d&#8217;extérieur élégant et luxueux conçu par Studio Segers pour la marque tchèque Todus. Le design rond respire l&#8217;élégance et le confort, idéal pour se détendre dans le jardin, sur la terrasse ou au bord de la piscine, seul ou à deux. La structure est en acier inoxydable…
