{"id":13729,"date":"2023-08-31T10:54:29","date_gmt":"2023-08-31T08:54:29","guid":{"rendered":"https:\/\/gervi.be\/shop\/jcp-4\/"},"modified":"2023-08-31T10:54:29","modified_gmt":"2023-08-31T10:54:29","slug":"jcp-4","status":"publish","type":"product","link":"https:\/\/gervi.be\/fr\/produit\/jcp-4\/","title":{"rendered":"JCP.4"},"content":{"rendered":"<p>JCP.4 Cette s\u00e9rie est id\u00e9ale pour les particuliers et les grands projets tels que les h\u00f4tels, les b\u00e2timents publics, les stations baln\u00e9aires et les piscines. Un parasol exceptionnellement robuste \u00e0 l&#8217;aspect \u00e9l\u00e9gant et luxueux. Soutenue par un pied de parasol de 245 kg, la s\u00e9rie est une combinaison parfaite entre le design belge, une \u00e9norme r\u00e9sistance et une qualit\u00e9 garantie.<\/p>\n","protected":false},"excerpt":{"rendered":"<ul>\n<li>Dimensions : 370 x 370 cm \/ 425 x 300 cm \/ 250 x 350 cm \/ \u00f8 400 cm\n<\/li>\n<li>Cadre : aluminium peint par poudrage\n<\/li>\n<li>Tissu : Sunbrella\u00ae PLUS Marine fabrics, 100% acrylique teint\u00e9 dans la masse<\/li>\n<\/ul>\n","protected":false},"featured_media":13730,"template":"","meta":{"_acf_changed":false,"_uag_custom_page_level_css":"","site-sidebar-layout":"default","site-content-layout":"","ast-site-content-layout":"default","site-content-style":"default","site-sidebar-style":"default","ast-global-header-display":"","ast-banner-title-visibility":"","ast-main-header-display":"","ast-hfb-above-header-display":"","ast-hfb-below-header-display":"","ast-hfb-mobile-header-display":"","site-post-title":"","ast-breadcrumbs-content":"","ast-featured-img":"","footer-sml-layout":"","ast-disable-related-posts":"","theme-transparent-header-meta":"","adv-header-id-meta":"","stick-header-meta":"","header-above-stick-meta":"","header-main-stick-meta":"","header-below-stick-meta":"","astra-migrate-meta-layouts":"default","ast-page-background-enabled":"default","ast-page-background-meta":{"desktop":{"background-color":"","background-image":"","background-repeat":"repeat","background-position":"center center","background-size":"auto","background-attachment":"scroll","background-type":"","background-media":"","overlay-type":"","overlay-color":"","overlay-opacity":"","overlay-gradient":""},"tablet":{"background-color":"","background-image":"","background-repeat":"repeat","background-position":"center center","background-size":"auto","background-attachment":"scroll","background-type":"","background-media":"","overlay-type":"","overlay-color":"","overlay-opacity":"","overlay-gradient":""},"mobile":{"background-color":"","background-image":"","background-repeat":"repeat","background-position":"center center","background-size":"auto","background-attachment":"scroll","background-type":"","background-media":"","overlay-type":"","overlay-color":"","overlay-opacity":"","overlay-gradient":""}},"ast-content-background-meta":{"desktop":{"background-color":"var(--ast-global-color-5)","background-image":"","background-repeat":"repeat","background-position":"center center","background-size":"auto","background-attachment":"scroll","background-type":"","background-media":"","overlay-type":"","overlay-color":"","overlay-opacity":"","overlay-gradient":""},"tablet":{"background-color":"var(--ast-global-color-5)","background-image":"","background-repeat":"repeat","background-position":"center center","background-size":"auto","background-attachment":"scroll","background-type":"","background-media":"","overlay-type":"","overlay-color":"","overlay-opacity":"","overlay-gradient":""},"mobile":{"background-color":"var(--ast-global-color-5)","background-image":"","background-repeat":"repeat","background-position":"center center","background-size":"auto","background-attachment":"scroll","background-type":"","background-media":"","overlay-type":"","overlay-color":"","overlay-opacity":"","overlay-gradient":""}}},"product_brand":[],"product_cat":[871],"product_tag":[],"class_list":{"0":"post-13729","1":"product","2":"type-product","3":"status-publish","4":"has-post-thumbnail","6":"product_cat-parasols-fr","7":"desktop-align-left","8":"tablet-align-left","9":"mobile-align-left","11":"first","12":"instock","13":"product-type-simple"},"acf":[],"uagb_featured_image_src":{"full":["https:\/\/gervi.be\/wp-content\/uploads\/2023\/08\/nr3jardinicojcp41.jpg",627,448,false],"thumbnail":["https:\/\/gervi.be\/wp-content\/uploads\/2023\/08\/nr3jardinicojcp41-150x150.jpg",150,150,true],"medium":["https:\/\/gervi.be\/wp-content\/uploads\/2023\/08\/nr3jardinicojcp41-300x214.jpg",300,214,true],"medium_large":["https:\/\/gervi.be\/wp-content\/uploads\/2023\/08\/nr3jardinicojcp41.jpg",627,448,false],"large":["https:\/\/gervi.be\/wp-content\/uploads\/2023\/08\/nr3jardinicojcp41.jpg",627,448,false],"1536x1536":["https:\/\/gervi.be\/wp-content\/uploads\/2023\/08\/nr3jardinicojcp41.jpg",627,448,false],"2048x2048":["https:\/\/gervi.be\/wp-content\/uploads\/2023\/08\/nr3jardinicojcp41.jpg",627,448,false],"woocommerce_thumbnail":["https:\/\/gervi.be\/wp-content\/uploads\/2023\/08\/nr3jardinicojcp41-300x300.jpg",300,300,true],"woocommerce_single":["https:\/\/gervi.be\/wp-content\/uploads\/2023\/08\/nr3jardinicojcp41.jpg",627,448,false],"woocommerce_gallery_thumbnail":["https:\/\/gervi.be\/wp-content\/uploads\/2023\/08\/nr3jardinicojcp41-100x100.jpg",100,100,true],"dgwt-wcas-product-suggestion":["https:\/\/gervi.be\/wp-content\/uploads\/2023\/08\/nr3jardinicojcp41.jpg",64,46,false]},"uagb_author_info":{"display_name":"Marjolein Nijs","author_link":"https:\/\/gervi.be\/fr\/author\/"},"uagb_comment_info":0,"uagb_excerpt":"Dimensions : 370 x 370 cm \/ 425 x 300 cm \/ 250 x 350 cm \/ \u00f8 400 cm Cadre : aluminium peint par poudrage Tissu : Sunbrella\u00ae PLUS Marine fabrics, 100% acrylique teint\u00e9 dans la masse","_links":{"self":[{"href":"https:\/\/gervi.be\/fr\/wp-json\/wp\/v2\/product\/13729","targetHints":{"allow":["GET"]}}],"collection":[{"href":"https:\/\/gervi.be\/fr\/wp-json\/wp\/v2\/product"}],"about":[{"href":"https:\/\/gervi.be\/fr\/wp-json\/wp\/v2\/types\/product"}],"wp:featuredmedia":[{"embeddable":true,"href":"https:\/\/gervi.be\/fr\/wp-json\/wp\/v2\/media\/13730"}],"wp:attachment":[{"href":"https:\/\/gervi.be\/fr\/wp-json\/wp\/v2\/media?parent=13729"}],"wp:term":[{"taxonomy":"product_brand","embeddable":true,"href":"https:\/\/gervi.be\/fr\/wp-json\/wp\/v2\/product_brand?post=13729"},{"taxonomy":"product_cat","embeddable":true,"href":"https:\/\/gervi.be\/fr\/wp-json\/wp\/v2\/product_cat?post=13729"},{"taxonomy":"product_tag","embeddable":true,"href":"https:\/\/gervi.be\/fr\/wp-json\/wp\/v2\/product_tag?post=13729"}],"curies":[{"name":"wp","href":"https:\/\/api.w.org\/{rel}","templated":true}]}}

<p>JCP.4 Cette série est idéale pour les particuliers et les grands projets tels que les hôtels, les bâtiments publics, les stations balnéaires et les piscines. Un parasol exceptionnellement robuste à l&#8217;aspect élégant et luxueux. Soutenue par un pied de parasol de 245 kg, la série est une combinaison parfaite entre le design belge, une énorme résistance et une qualité garantie.</p>

<ul>
<li>Dimensions : 370 x 370 cm / 425 x 300 cm / 250 x 350 cm / ø 400 cm
</li>
<li>Cadre : aluminium peint par poudrage
</li>
<li>Tissu : Sunbrella® PLUS Marine fabrics, 100% acrylique teinté dans la masse</li>
</ul>

Dimensions : 370 x 370 cm / 425 x 300 cm / 250 x 350 cm / ø 400 cm Cadre : aluminium peint par poudrage Tissu : Sunbrella® PLUS Marine fabrics, 100% acrylique teinté dans la masse
