{"id":13572,"date":"2023-08-29T13:50:05","date_gmt":"2023-08-29T11:50:05","guid":{"rendered":"https:\/\/gervi.be\/shop\/pin-de-montagne-1l\/"},"modified":"2026-04-13T16:34:29","modified_gmt":"2026-04-13T14:34:29","slug":"pin-de-montagne-1l","status":"publish","type":"product","link":"https:\/\/gervi.be\/fr\/produit\/pin-de-montagne-1l\/","title":{"rendered":"Pin de montagne (1 l)"},"content":{"rendered":"<h2><a href=\"https:\/\/gervi.be\/fr\/marques\/klafs\/\"><img decoding=\"async\" class=\"alignleft wp-image-17003\" src=\"https:\/\/gervi.be\/wp-content\/uploads\/2023\/12\/Klafs-logo-300x115.png\" alt=\"Logo Klafs\" width=\"150\" height=\"57\" title=\"\" srcset=\"https:\/\/gervi.be\/wp-content\/uploads\/2023\/12\/Klafs-logo-300x115.png 300w, https:\/\/gervi.be\/wp-content\/uploads\/2023\/12\/Klafs-logo-1024x393.png 1024w, https:\/\/gervi.be\/wp-content\/uploads\/2023\/12\/Klafs-logo-768x294.png 768w, https:\/\/gervi.be\/wp-content\/uploads\/2023\/12\/Klafs-logo-600x230.png 600w, https:\/\/gervi.be\/wp-content\/uploads\/2023\/12\/Klafs-logo.png 1200w\" sizes=\"(max-width: 150px) 100vw, 150px\" \/><\/a><\/h2>\n<p>&nbsp;<\/p>\n<p>&nbsp;<\/p>\n<h2>Description<\/h2>\n<p>La composition parfum\u00e9e au pin de montagne pour sauna associe les propri\u00e9t\u00e9s puissantes et purifiantes du pin de montagne \u00e0 une application conviviale qui favorise la sant\u00e9 lors de toute s\u00e9ance de sauna. Ce parfum contribue non seulement \u00e0 influencer positivement l&#8217;humeur gr\u00e2ce \u00e0 son ar\u00f4me vivifiant, mais il a \u00e9galement un effet b\u00e9n\u00e9fique sur le corps, stimule le syst\u00e8me respiratoire et procure une agr\u00e9able sensation de d\u00e9tente.<\/p>\n<p>Pour appliquer ce puissant concentr\u00e9 d&#8217;huiles essentielles, il est recommand\u00e9 de m\u00e9langer environ 10 millilitres de concentr\u00e9 d&#8217;infusion de pin de montagne \u00e0 un litre d&#8217;eau. Ce m\u00e9lange doit \u00eatre bien remu\u00e9 pour assurer une diffusion homog\u00e8ne du parfum pendant l&#8217;infusion. Vers\u00e9 sur les pierres chaudes du sauna, ce m\u00e9lange cr\u00e9e une \u00e9vaporation rapide et compl\u00e8te qui favorise le d\u00e9veloppement d&#8217;un parfum durable dans le sauna.<\/p>\n<p>La composition unique du parfum de l&#8217;huile de pin de montagne est obtenue gr\u00e2ce \u00e0 un \u00e9quilibre entre les notes de t\u00eate, de c\u0153ur et de fond qui, ensemble, cr\u00e9ent un ar\u00f4me harmonieux et durable dans la salle de sauna. Les huiles essentielles naturelles contenues dans le concentr\u00e9 sont particuli\u00e8rement rentables car elles s&#8217;\u00e9vaporent compl\u00e8tement sans laisser de r\u00e9sidus sur les pierres du sauna, ce qui garantit une utilisation propre et sans entretien.<\/p>\n<p>De plus, nos parfums de sauna Bergden sont enti\u00e8rement v\u00e9g\u00e9taliens et ont \u00e9t\u00e9 d\u00e9velopp\u00e9s sans tests sur les animaux, ce qui contribue \u00e0 la responsabilit\u00e9 \u00e9thique du produit. Tous les ingr\u00e9dients sont soigneusement s\u00e9lectionn\u00e9s et produits en Allemagne, \u00e9vitant ainsi les longs trajets de transport et les processus nuisibles \u00e0 l&#8217;environnement. Cela permet aux utilisateurs de profiter d&#8217;une exp\u00e9rience de bien-\u00eatre de premier ordre tout en ayant l&#8217;assurance d&#8217;utiliser un produit \u00e0 la fois efficace et responsable.<\/p>\n<p>Le parfum de sauna au pin de montagne est sp\u00e9cialement con\u00e7u pour \u00eatre utilis\u00e9 dans les saunas traditionnels et les sanariums. Pour une utilisation optimale dans un sanarium, le calice d&#8217;ar\u00f4mes ou le bol de senteurs situ\u00e9 \u00e0 l&#8217;ext\u00e9rieur de la cabine doit \u00eatre rempli \u00e0 moiti\u00e9 d&#8217;eau, puis quelques gouttes du concentr\u00e9 d&#8217;huile peuvent \u00eatre ajout\u00e9es selon les besoins. Ce m\u00e9lange est ensuite replac\u00e9 dans la sortie de vapeur, o\u00f9 il s&#8217;\u00e9vapore progressivement, remplissant la pi\u00e8ce de l&#8217;ar\u00f4me revitalisant et frais du pin de montagne, garantissant une exp\u00e9rience parfum\u00e9e intensive pendant toute la dur\u00e9e de la s\u00e9ance de sauna.<\/p>\n<p>&nbsp;<\/p>\n<p>&nbsp;<\/p>\n","protected":false},"excerpt":{"rendered":"<ul>\n<li>Contenu : 1 litre<\/li>\n<li>V\u00e9g\u00e9talien<\/li>\n<li>D\u00e9velopp\u00e9 sans tests sur les animaux<\/li>\n<li>Fabriqu\u00e9 en Allemagne<\/li>\n<\/ul>\n","protected":false},"featured_media":25574,"template":"","meta":{"_acf_changed":false,"_uag_custom_page_level_css":"","site-sidebar-layout":"default","site-content-layout":"","ast-site-content-layout":"default","site-content-style":"default","site-sidebar-style":"default","ast-global-header-display":"","ast-banner-title-visibility":"","ast-main-header-display":"","ast-hfb-above-header-display":"","ast-hfb-below-header-display":"","ast-hfb-mobile-header-display":"","site-post-title":"","ast-breadcrumbs-content":"","ast-featured-img":"","footer-sml-layout":"","ast-disable-related-posts":"","theme-transparent-header-meta":"default","adv-header-id-meta":"","stick-header-meta":"","header-above-stick-meta":"","header-main-stick-meta":"","header-below-stick-meta":"","astra-migrate-meta-layouts":"default","ast-page-background-enabled":"default","ast-page-background-meta":{"desktop":{"background-color":"","background-image":"","background-repeat":"repeat","background-position":"center center","background-size":"auto","background-attachment":"scroll","background-type":"","background-media":"","overlay-type":"","overlay-color":"","overlay-opacity":"","overlay-gradient":""},"tablet":{"background-color":"","background-image":"","background-repeat":"repeat","background-position":"center center","background-size":"auto","background-attachment":"scroll","background-type":"","background-media":"","overlay-type":"","overlay-color":"","overlay-opacity":"","overlay-gradient":""},"mobile":{"background-color":"","background-image":"","background-repeat":"repeat","background-position":"center center","background-size":"auto","background-attachment":"scroll","background-type":"","background-media":"","overlay-type":"","overlay-color":"","overlay-opacity":"","overlay-gradient":""}},"ast-content-background-meta":{"desktop":{"background-color":"var(--ast-global-color-5)","background-image":"","background-repeat":"repeat","background-position":"center center","background-size":"auto","background-attachment":"scroll","background-type":"","background-media":"","overlay-type":"","overlay-color":"","overlay-opacity":"","overlay-gradient":""},"tablet":{"background-color":"var(--ast-global-color-5)","background-image":"","background-repeat":"repeat","background-position":"center center","background-size":"auto","background-attachment":"scroll","background-type":"","background-media":"","overlay-type":"","overlay-color":"","overlay-opacity":"","overlay-gradient":""},"mobile":{"background-color":"var(--ast-global-color-5)","background-image":"","background-repeat":"repeat","background-position":"center center","background-size":"auto","background-attachment":"scroll","background-type":"","background-media":"","overlay-type":"","overlay-color":"","overlay-opacity":"","overlay-gradient":""}}},"product_brand":[],"product_cat":[786,3367,643],"product_tag":[3244,3231,3227,3229,3234,3243,3246,3233,3237,3241,3242,3235,1708,3238,1314,3249,3232,1339,1341,3228,1343,3248,3245,3240,3230,3236,3239,1357,3247],"class_list":{"0":"post-13572","1":"product","2":"type-product","3":"status-publish","4":"has-post-thumbnail","6":"product_cat-aromes-pour-le-sauna","7":"product_cat-parfums-de-maquillage-pour-sauna","8":"product_cat-sauna-fr","9":"product_tag-aromatherapie-dans-le-sauna","10":"product_tag-arome-de-pin-de-montagne","11":"product_tag-aromes","12":"product_tag-aromes-pour-sauna","13":"product_tag-assistance-respiratoire","14":"product_tag-bien-etre-et-spa","15":"product_tag-clarte-mentale","16":"product_tag-concentre-de-trempage-pour-sauna","17":"product_tag-cosmetiques-sans-animaux","18":"product_tag-developpement-prolonge-dodeurs","19":"product_tag-effets-de-purification-de-lair","20":"product_tag-experience-relaxante","21":"product_tag-explorez-votre-mode-de-vie","22":"product_tag-fabrique-en-allemagne","23":"product_tag-gervi-fr","24":"product_tag-huile-de-sauna-purifiante","25":"product_tag-huiles-essentielles","26":"product_tag-klafs-fr","27":"product_tag-odeur","28":"product_tag-parfum-de-sauna-fr","29":"product_tag-parfum-de-sauna","30":"product_tag-parfum-frais-de-sauna","31":"product_tag-parfums-boises","32":"product_tag-parfums-naturels","33":"product_tag-parfums-pour-sauna","34":"product_tag-produits-de-sauna-vegetaliens","35":"product_tag-promotion-de-la-sante","36":"product_tag-sauna-fr","37":"product_tag-sauna-bien-etre","38":"desktop-align-left","39":"tablet-align-left","40":"mobile-align-left","42":"first","43":"instock","44":"purchasable","45":"product-type-simple"},"acf":[],"uagb_featured_image_src":{"full":["https:\/\/gervi.be\/wp-content\/uploads\/2023\/08\/Aromas-voor-Sauna-Bergden-KLAFS-Gervi.jpg",2000,2000,false],"thumbnail":["https:\/\/gervi.be\/wp-content\/uploads\/2023\/08\/Aromas-voor-Sauna-Bergden-KLAFS-Gervi-150x150.jpg",150,150,true],"medium":["https:\/\/gervi.be\/wp-content\/uploads\/2023\/08\/Aromas-voor-Sauna-Bergden-KLAFS-Gervi-300x300.jpg",300,300,true],"medium_large":["https:\/\/gervi.be\/wp-content\/uploads\/2023\/08\/Aromas-voor-Sauna-Bergden-KLAFS-Gervi-768x768.jpg",768,768,true],"large":["https:\/\/gervi.be\/wp-content\/uploads\/2023\/08\/Aromas-voor-Sauna-Bergden-KLAFS-Gervi-1024x1024.jpg",1024,1024,true],"1536x1536":["https:\/\/gervi.be\/wp-content\/uploads\/2023\/08\/Aromas-voor-Sauna-Bergden-KLAFS-Gervi-1536x1536.jpg",1536,1536,true],"2048x2048":["https:\/\/gervi.be\/wp-content\/uploads\/2023\/08\/Aromas-voor-Sauna-Bergden-KLAFS-Gervi.jpg",2000,2000,false],"woocommerce_thumbnail":["https:\/\/gervi.be\/wp-content\/uploads\/2023\/08\/Aromas-voor-Sauna-Bergden-KLAFS-Gervi-2000x1500.jpg",2000,1500,true],"woocommerce_single":["https:\/\/gervi.be\/wp-content\/uploads\/2023\/08\/Aromas-voor-Sauna-Bergden-KLAFS-Gervi.jpg",2000,2000,false],"woocommerce_gallery_thumbnail":["https:\/\/gervi.be\/wp-content\/uploads\/2023\/08\/Aromas-voor-Sauna-Bergden-KLAFS-Gervi-100x100.jpg",100,100,true],"dgwt-wcas-product-suggestion":["https:\/\/gervi.be\/wp-content\/uploads\/2023\/08\/Aromas-voor-Sauna-Bergden-KLAFS-Gervi.jpg",64,64,false]},"uagb_author_info":{"display_name":"Marjolein Nijs","author_link":"https:\/\/gervi.be\/fr\/author\/"},"uagb_comment_info":0,"uagb_excerpt":"Contenu : 1 litre V\u00e9g\u00e9talien D\u00e9velopp\u00e9 sans tests sur les animaux Fabriqu\u00e9 en Allemagne","_links":{"self":[{"href":"https:\/\/gervi.be\/fr\/wp-json\/wp\/v2\/product\/13572","targetHints":{"allow":["GET"]}}],"collection":[{"href":"https:\/\/gervi.be\/fr\/wp-json\/wp\/v2\/product"}],"about":[{"href":"https:\/\/gervi.be\/fr\/wp-json\/wp\/v2\/types\/product"}],"wp:featuredmedia":[{"embeddable":true,"href":"https:\/\/gervi.be\/fr\/wp-json\/wp\/v2\/media\/25574"}],"wp:attachment":[{"href":"https:\/\/gervi.be\/fr\/wp-json\/wp\/v2\/media?parent=13572"}],"wp:term":[{"taxonomy":"product_brand","embeddable":true,"href":"https:\/\/gervi.be\/fr\/wp-json\/wp\/v2\/product_brand?post=13572"},{"taxonomy":"product_cat","embeddable":true,"href":"https:\/\/gervi.be\/fr\/wp-json\/wp\/v2\/product_cat?post=13572"},{"taxonomy":"product_tag","embeddable":true,"href":"https:\/\/gervi.be\/fr\/wp-json\/wp\/v2\/product_tag?post=13572"}],"curies":[{"name":"wp","href":"https:\/\/api.w.org\/{rel}","templated":true}]}}

<h2><a href="https://gervi.be/fr/marques/klafs/"><img decoding="async" class="alignleft wp-image-17003" src="https://gervi.be/wp-content/uploads/2023/12/Klafs-logo-300x115.png" alt="Logo Klafs" width="150" height="57" title="" srcset="https://gervi.be/wp-content/uploads/2023/12/Klafs-logo-300x115.png 300w, https://gervi.be/wp-content/uploads/2023/12/Klafs-logo-1024x393.png 1024w, https://gervi.be/wp-content/uploads/2023/12/Klafs-logo-768x294.png 768w, https://gervi.be/wp-content/uploads/2023/12/Klafs-logo-600x230.png 600w, https://gervi.be/wp-content/uploads/2023/12/Klafs-logo.png 1200w" sizes="(max-width: 150px) 100vw, 150px" /></a></h2>
<p>&nbsp;</p>
<p>&nbsp;</p>
<h2>Description</h2>
<p>La composition parfumée au pin de montagne pour sauna associe les propriétés puissantes et purifiantes du pin de montagne à une application conviviale qui favorise la santé lors de toute séance de sauna. Ce parfum contribue non seulement à influencer positivement l&#8217;humeur grâce à son arôme vivifiant, mais il a également un effet bénéfique sur le corps, stimule le système respiratoire et procure une agréable sensation de détente.</p>
<p>Pour appliquer ce puissant concentré d&#8217;huiles essentielles, il est recommandé de mélanger environ 10 millilitres de concentré d&#8217;infusion de pin de montagne à un litre d&#8217;eau. Ce mélange doit être bien remué pour assurer une diffusion homogène du parfum pendant l&#8217;infusion. Versé sur les pierres chaudes du sauna, ce mélange crée une évaporation rapide et complète qui favorise le développement d&#8217;un parfum durable dans le sauna.</p>
<p>La composition unique du parfum de l&#8217;huile de pin de montagne est obtenue grâce à un équilibre entre les notes de tête, de cœur et de fond qui, ensemble, créent un arôme harmonieux et durable dans la salle de sauna. Les huiles essentielles naturelles contenues dans le concentré sont particulièrement rentables car elles s&#8217;évaporent complètement sans laisser de résidus sur les pierres du sauna, ce qui garantit une utilisation propre et sans entretien.</p>
<p>De plus, nos parfums de sauna Bergden sont entièrement végétaliens et ont été développés sans tests sur les animaux, ce qui contribue à la responsabilité éthique du produit. Tous les ingrédients sont soigneusement sélectionnés et produits en Allemagne, évitant ainsi les longs trajets de transport et les processus nuisibles à l&#8217;environnement. Cela permet aux utilisateurs de profiter d&#8217;une expérience de bien-être de premier ordre tout en ayant l&#8217;assurance d&#8217;utiliser un produit à la fois efficace et responsable.</p>
<p>Le parfum de sauna au pin de montagne est spécialement conçu pour être utilisé dans les saunas traditionnels et les sanariums. Pour une utilisation optimale dans un sanarium, le calice d&#8217;arômes ou le bol de senteurs situé à l&#8217;extérieur de la cabine doit être rempli à moitié d&#8217;eau, puis quelques gouttes du concentré d&#8217;huile peuvent être ajoutées selon les besoins. Ce mélange est ensuite replacé dans la sortie de vapeur, où il s&#8217;évapore progressivement, remplissant la pièce de l&#8217;arôme revitalisant et frais du pin de montagne, garantissant une expérience parfumée intensive pendant toute la durée de la séance de sauna.</p>
<p>&nbsp;</p>
<p>&nbsp;</p>

<ul>
<li>Contenu : 1 litre</li>
<li>Végétalien</li>
<li>Développé sans tests sur les animaux</li>
<li>Fabriqué en Allemagne</li>
</ul>

Contenu : 1 litre Végétalien Développé sans tests sur les animaux Fabriqué en Allemagne
