{"id":13233,"date":"2023-08-29T13:49:18","date_gmt":"2023-08-29T13:49:18","guid":{"rendered":"https:\/\/gervi.be\/shop\/effe-aria\/"},"modified":"2026-03-26T14:03:53","modified_gmt":"2026-03-26T13:03:53","slug":"effe-aria","status":"publish","type":"product","link":"https:\/\/gervi.be\/fr\/produit\/effe-aria\/","title":{"rendered":"Effe Aria"},"content":{"rendered":"<p><img decoding=\"async\" class=\"alignnone wp-image-16832\" src=\"https:\/\/gervi.be\/wp-content\/uploads\/2023\/12\/Effe-300x160.png\" alt=\"Logo Effe\" width=\"150\" height=\"80\" title=\"\" srcset=\"https:\/\/gervi.be\/wp-content\/uploads\/2023\/12\/Effe-300x160.png 300w, https:\/\/gervi.be\/wp-content\/uploads\/2023\/12\/Effe.png 322w\" sizes=\"(max-width: 150px) 100vw, 150px\" \/><\/p>\n<h2>Description<\/h2>\n<p>Effe Aria est un parfum de bain de vapeur exclusif d\u00e9velopp\u00e9 par Effegibi, con\u00e7u pour offrir une exp\u00e9rience de bien-\u00eatre ultime. Ce parfum associe la fra\u00eecheur de la lits\u00e9e aux notes balsamiques du laurier, pour un effet vivifiant et purifiant. L&#8217;ajout de menthe apporte un effet rafra\u00eechissant suppl\u00e9mentaire, id\u00e9al pour clarifier l&#8217;esprit et favoriser la respiration. Effe Aria est biologique et fabriqu\u00e9 \u00e0 partir d&#8217;ingr\u00e9dients naturels, ce qui le rend sans danger pour la peau et l&#8217;environnement.<\/p>\n<p>En utilisant Effe Aria dans votre bain de vapeur, vous cr\u00e9ez un rituel de parfumage revigorant qui aide \u00e0 calmer et \u00e0 purifier l&#8217;esprit. Le parfum lib\u00e8re l&#8217;esprit de l&#8217;agitation et l&#8217;ouvre \u00e0 de nouveaux horizons, faisant de chaque s\u00e9ance de bain de vapeur un moment de pur plaisir. Le flacon pratique permet d&#8217;ajouter facilement le parfum \u00e0 votre bain de vapeur, vous permettant ainsi de profiter d&#8217;une exp\u00e9rience professionnelle de bien-\u00eatre \u00e0 la maison.<\/p>\n<p>Effe Aria est id\u00e9al pour ceux qui recherchent un parfum profond\u00e9ment relaxant et rafra\u00eechissant qui revitalise le corps et l&#8217;esprit. Le produit s&#8217;int\u00e8gre parfaitement \u00e0 tout rituel de bien-\u00eatre, offrant un \u00e9quilibre harmonieux entre relaxation et renouvellement. D\u00e9couvrez le pouvoir des parfums naturels et une exp\u00e9rience de bien-\u00eatre sans pr\u00e9c\u00e9dent avec Effe Aria.<\/p>\n","protected":false},"excerpt":{"rendered":"<ul>\n<li>Contenu : 50 ml<\/li>\n<li>Profil olfactif : Frais avec de la litsea, du laurier et de la menthe<\/li>\n<li>Ingr\u00e9dients : 100% biologiques et naturels<\/li>\n<li>Effets : Purifiant, rafra\u00eechissant et calmant, id\u00e9al pour l&#8217;esprit et la respiration<\/li>\n<\/ul>\n","protected":false},"featured_media":24884,"template":"","meta":{"_acf_changed":false,"_uag_custom_page_level_css":"","site-sidebar-layout":"default","site-content-layout":"","ast-site-content-layout":"default","site-content-style":"default","site-sidebar-style":"default","ast-global-header-display":"","ast-banner-title-visibility":"","ast-main-header-display":"","ast-hfb-above-header-display":"","ast-hfb-below-header-display":"","ast-hfb-mobile-header-display":"","site-post-title":"","ast-breadcrumbs-content":"","ast-featured-img":"","footer-sml-layout":"","ast-disable-related-posts":"","theme-transparent-header-meta":"default","adv-header-id-meta":"","stick-header-meta":"","header-above-stick-meta":"","header-main-stick-meta":"","header-below-stick-meta":"","astra-migrate-meta-layouts":"default","ast-page-background-enabled":"default","ast-page-background-meta":{"desktop":{"background-color":"","background-image":"","background-repeat":"repeat","background-position":"center center","background-size":"auto","background-attachment":"scroll","background-type":"","background-media":"","overlay-type":"","overlay-color":"","overlay-opacity":"","overlay-gradient":""},"tablet":{"background-color":"","background-image":"","background-repeat":"repeat","background-position":"center center","background-size":"auto","background-attachment":"scroll","background-type":"","background-media":"","overlay-type":"","overlay-color":"","overlay-opacity":"","overlay-gradient":""},"mobile":{"background-color":"","background-image":"","background-repeat":"repeat","background-position":"center center","background-size":"auto","background-attachment":"scroll","background-type":"","background-media":"","overlay-type":"","overlay-color":"","overlay-opacity":"","overlay-gradient":""}},"ast-content-background-meta":{"desktop":{"background-color":"var(--ast-global-color-5)","background-image":"","background-repeat":"repeat","background-position":"center center","background-size":"auto","background-attachment":"scroll","background-type":"","background-media":"","overlay-type":"","overlay-color":"","overlay-opacity":"","overlay-gradient":""},"tablet":{"background-color":"var(--ast-global-color-5)","background-image":"","background-repeat":"repeat","background-position":"center center","background-size":"auto","background-attachment":"scroll","background-type":"","background-media":"","overlay-type":"","overlay-color":"","overlay-opacity":"","overlay-gradient":""},"mobile":{"background-color":"var(--ast-global-color-5)","background-image":"","background-repeat":"repeat","background-position":"center center","background-size":"auto","background-attachment":"scroll","background-type":"","background-media":"","overlay-type":"","overlay-color":"","overlay-opacity":"","overlay-gradient":""}}},"product_brand":[],"product_cat":[813,708],"product_tag":[2544,2550,1344,2547,2557,2536,2552,1708,1314,2537,2548,2559,2558,2560,2546,2549,2545,2541,2534,2542,2551,2543],"class_list":{"0":"post-13233","1":"product","2":"type-product","3":"status-publish","4":"has-post-thumbnail","6":"product_cat-aromes","7":"product_cat-bain-de-vapeur","8":"product_tag-aromatherapie-fr","9":"product_tag-arome-fr","10":"product_tag-detente","11":"product_tag-eau-parfumee","12":"product_tag-effe-aria-fr","13":"product_tag-effegibi-fr","14":"product_tag-experience-olfactive","15":"product_tag-explorez-votre-mode-de-vie","16":"product_tag-gervi-fr","17":"product_tag-le-bien-etre-parfait","18":"product_tag-parfum-apaisant","19":"product_tag-parfum-de-baie","20":"product_tag-parfum-de-litsea","21":"product_tag-parfum-de-menthe","22":"product_tag-parfum-pour-bain-de-vapeur","23":"product_tag-parfum-rafraichissant","24":"product_tag-parfums","25":"product_tag-parfums-biologiques","26":"product_tag-parfums-pour-bain-de-vapeur","27":"product_tag-produits-de-bien-etre","28":"product_tag-rituel-de-bien-etre","29":"product_tag-rituel-olfactif","30":"desktop-align-left","31":"tablet-align-left","32":"mobile-align-left","34":"first","35":"instock","36":"sale","37":"purchasable","38":"product-type-simple"},"acf":[],"uagb_featured_image_src":{"full":["https:\/\/gervi.be\/wp-content\/uploads\/2023\/08\/Perfect-Wellness-Aria-Effe-Gervi.jpg",1000,1000,false],"thumbnail":["https:\/\/gervi.be\/wp-content\/uploads\/2023\/08\/Perfect-Wellness-Aria-Effe-Gervi-150x150.jpg",150,150,true],"medium":["https:\/\/gervi.be\/wp-content\/uploads\/2023\/08\/Perfect-Wellness-Aria-Effe-Gervi-300x300.jpg",300,300,true],"medium_large":["https:\/\/gervi.be\/wp-content\/uploads\/2023\/08\/Perfect-Wellness-Aria-Effe-Gervi-768x768.jpg",768,768,true],"large":["https:\/\/gervi.be\/wp-content\/uploads\/2023\/08\/Perfect-Wellness-Aria-Effe-Gervi.jpg",1000,1000,false],"1536x1536":["https:\/\/gervi.be\/wp-content\/uploads\/2023\/08\/Perfect-Wellness-Aria-Effe-Gervi.jpg",1000,1000,false],"2048x2048":["https:\/\/gervi.be\/wp-content\/uploads\/2023\/08\/Perfect-Wellness-Aria-Effe-Gervi.jpg",1000,1000,false],"woocommerce_thumbnail":["https:\/\/gervi.be\/wp-content\/uploads\/2023\/08\/Perfect-Wellness-Aria-Effe-Gervi.jpg",1000,1000,false],"woocommerce_single":["https:\/\/gervi.be\/wp-content\/uploads\/2023\/08\/Perfect-Wellness-Aria-Effe-Gervi.jpg",1000,1000,false],"woocommerce_gallery_thumbnail":["https:\/\/gervi.be\/wp-content\/uploads\/2023\/08\/Perfect-Wellness-Aria-Effe-Gervi-100x100.jpg",100,100,true],"dgwt-wcas-product-suggestion":["https:\/\/gervi.be\/wp-content\/uploads\/2023\/08\/Perfect-Wellness-Aria-Effe-Gervi.jpg",64,64,false]},"uagb_author_info":{"display_name":"Marjolein Nijs","author_link":"https:\/\/gervi.be\/fr\/author\/"},"uagb_comment_info":0,"uagb_excerpt":"Contenu : 50 ml Profil olfactif : Frais avec de la litsea, du laurier et de la menthe Ingr\u00e9dients : 100% biologiques et naturels Effets : Purifiant, rafra\u00eechissant et calmant, id\u00e9al pour l'esprit et la respiration","_links":{"self":[{"href":"https:\/\/gervi.be\/fr\/wp-json\/wp\/v2\/product\/13233","targetHints":{"allow":["GET"]}}],"collection":[{"href":"https:\/\/gervi.be\/fr\/wp-json\/wp\/v2\/product"}],"about":[{"href":"https:\/\/gervi.be\/fr\/wp-json\/wp\/v2\/types\/product"}],"wp:featuredmedia":[{"embeddable":true,"href":"https:\/\/gervi.be\/fr\/wp-json\/wp\/v2\/media\/24884"}],"wp:attachment":[{"href":"https:\/\/gervi.be\/fr\/wp-json\/wp\/v2\/media?parent=13233"}],"wp:term":[{"taxonomy":"product_brand","embeddable":true,"href":"https:\/\/gervi.be\/fr\/wp-json\/wp\/v2\/product_brand?post=13233"},{"taxonomy":"product_cat","embeddable":true,"href":"https:\/\/gervi.be\/fr\/wp-json\/wp\/v2\/product_cat?post=13233"},{"taxonomy":"product_tag","embeddable":true,"href":"https:\/\/gervi.be\/fr\/wp-json\/wp\/v2\/product_tag?post=13233"}],"curies":[{"name":"wp","href":"https:\/\/api.w.org\/{rel}","templated":true}]}}

<p><img decoding="async" class="alignnone wp-image-16832" src="https://gervi.be/wp-content/uploads/2023/12/Effe-300x160.png" alt="Logo Effe" width="150" height="80" title="" srcset="https://gervi.be/wp-content/uploads/2023/12/Effe-300x160.png 300w, https://gervi.be/wp-content/uploads/2023/12/Effe.png 322w" sizes="(max-width: 150px) 100vw, 150px" /></p>
<h2>Description</h2>
<p>Effe Aria est un parfum de bain de vapeur exclusif développé par Effegibi, conçu pour offrir une expérience de bien-être ultime. Ce parfum associe la fraîcheur de la litsée aux notes balsamiques du laurier, pour un effet vivifiant et purifiant. L&#8217;ajout de menthe apporte un effet rafraîchissant supplémentaire, idéal pour clarifier l&#8217;esprit et favoriser la respiration. Effe Aria est biologique et fabriqué à partir d&#8217;ingrédients naturels, ce qui le rend sans danger pour la peau et l&#8217;environnement.</p>
<p>En utilisant Effe Aria dans votre bain de vapeur, vous créez un rituel de parfumage revigorant qui aide à calmer et à purifier l&#8217;esprit. Le parfum libère l&#8217;esprit de l&#8217;agitation et l&#8217;ouvre à de nouveaux horizons, faisant de chaque séance de bain de vapeur un moment de pur plaisir. Le flacon pratique permet d&#8217;ajouter facilement le parfum à votre bain de vapeur, vous permettant ainsi de profiter d&#8217;une expérience professionnelle de bien-être à la maison.</p>
<p>Effe Aria est idéal pour ceux qui recherchent un parfum profondément relaxant et rafraîchissant qui revitalise le corps et l&#8217;esprit. Le produit s&#8217;intègre parfaitement à tout rituel de bien-être, offrant un équilibre harmonieux entre relaxation et renouvellement. Découvrez le pouvoir des parfums naturels et une expérience de bien-être sans précédent avec Effe Aria.</p>

<ul>
<li>Contenu : 50 ml</li>
<li>Profil olfactif : Frais avec de la litsea, du laurier et de la menthe</li>
<li>Ingrédients : 100% biologiques et naturels</li>
<li>Effets : Purifiant, rafraîchissant et calmant, idéal pour l&#8217;esprit et la respiration</li>
</ul>

Contenu : 50 ml Profil olfactif : Frais avec de la litsea, du laurier et de la menthe Ingrédients : 100% biologiques et naturels Effets : Purifiant, rafraîchissant et calmant, idéal pour l'esprit et la respiration
