{"id":13232,"date":"2023-08-29T13:49:18","date_gmt":"2023-08-29T13:49:18","guid":{"rendered":"https:\/\/gervi.be\/shop\/effe-terra\/"},"modified":"2026-03-26T14:07:41","modified_gmt":"2026-03-26T13:07:41","slug":"effe-terra","status":"publish","type":"product","link":"https:\/\/gervi.be\/fr\/produit\/effe-terra\/","title":{"rendered":"Effe Terra"},"content":{"rendered":"<p><img decoding=\"async\" class=\"alignnone wp-image-16832\" src=\"https:\/\/gervi.be\/wp-content\/uploads\/2023\/12\/Effe-300x160.png\" alt=\"Logo Effe\" width=\"150\" height=\"80\" title=\"\" srcset=\"https:\/\/gervi.be\/wp-content\/uploads\/2023\/12\/Effe-300x160.png 300w, https:\/\/gervi.be\/wp-content\/uploads\/2023\/12\/Effe.png 322w\" sizes=\"(max-width: 150px) 100vw, 150px\" \/><\/p>\n<h2>Description<\/h2>\n<p>Effe Terra, d\u00e9velopp\u00e9 par Effegibi, est un parfum exclusif pour les bains de vapeur qui combine des notes profondes et terreuses avec du citron rafra\u00eechissant. Le v\u00e9tiver enveloppe le corps et procure une sensation de calme et d&#8217;ancrage, tandis que le patchouli apporte apaisement et sensualit\u00e9. La douceur du benjoin et la fra\u00eecheur \u00e9pic\u00e9e de la coriandre augmentent la complexit\u00e9 de ce parfum, offrant un ar\u00f4me riche et intense, parfait pour la relaxation et le rafra\u00eechissement.<\/p>\n<p>Effe Terra est biologique et compos\u00e9 d&#8217;ingr\u00e9dients naturels, ce qui le rend sans danger pour la peau et l&#8217;environnement. Le parfum pour bain de vapeur est facile \u00e0 utiliser dans n&#8217;importe quel bain de vapeur. Ajoutez ce parfum \u00e0 votre rituel de bien-\u00eatre pour cr\u00e9er une exp\u00e9rience de bien-\u00eatre luxueuse comme un v\u00e9ritable bain de vapeur turc \u00e0 la maison.<\/p>\n<p>Ce parfum vous aide \u00e0 vous reconnecter \u00e0 votre corps et \u00e0 ses besoins, id\u00e9al pour ceux qui recherchent une relaxation profonde et ancr\u00e9e. Effe Terra offre un \u00e9quilibre harmonieux entre tranquillit\u00e9 et renouvellement, faisant de chaque s\u00e9ance de bain de vapeur un moment de pur plaisir. D\u00e9couvrez le pouvoir des parfums naturels avec Effe Terra.<\/p>\n","protected":false},"excerpt":{"rendered":"<ul>\n<li>Contenu : 50 ml<\/li>\n<li>Profil du parfum : Notes profondes de v\u00e9tiver et de citron, avec du patchouli, du benjoin et de la coriandre.<\/li>\n<li>Ingr\u00e9dients : 100% biologiques et naturels<\/li>\n<li>Effets : Calmant, revigorant et ancr\u00e9 dans le sol, id\u00e9al pour une relaxation profonde et un rafra\u00eechissement.<\/li>\n<\/ul>\n","protected":false},"featured_media":24882,"template":"","meta":{"_acf_changed":false,"_uag_custom_page_level_css":"","site-sidebar-layout":"default","site-content-layout":"","ast-site-content-layout":"default","site-content-style":"default","site-sidebar-style":"default","ast-global-header-display":"","ast-banner-title-visibility":"","ast-main-header-display":"","ast-hfb-above-header-display":"","ast-hfb-below-header-display":"","ast-hfb-mobile-header-display":"","site-post-title":"","ast-breadcrumbs-content":"","ast-featured-img":"","footer-sml-layout":"","ast-disable-related-posts":"","theme-transparent-header-meta":"default","adv-header-id-meta":"","stick-header-meta":"","header-above-stick-meta":"","header-main-stick-meta":"","header-below-stick-meta":"","astra-migrate-meta-layouts":"default","ast-page-background-enabled":"default","ast-page-background-meta":{"desktop":{"background-color":"","background-image":"","background-repeat":"repeat","background-position":"center center","background-size":"auto","background-attachment":"scroll","background-type":"","background-media":"","overlay-type":"","overlay-color":"","overlay-opacity":"","overlay-gradient":""},"tablet":{"background-color":"","background-image":"","background-repeat":"repeat","background-position":"center center","background-size":"auto","background-attachment":"scroll","background-type":"","background-media":"","overlay-type":"","overlay-color":"","overlay-opacity":"","overlay-gradient":""},"mobile":{"background-color":"","background-image":"","background-repeat":"repeat","background-position":"center center","background-size":"auto","background-attachment":"scroll","background-type":"","background-media":"","overlay-type":"","overlay-color":"","overlay-opacity":"","overlay-gradient":""}},"ast-content-background-meta":{"desktop":{"background-color":"var(--ast-global-color-5)","background-image":"","background-repeat":"repeat","background-position":"center center","background-size":"auto","background-attachment":"scroll","background-type":"","background-media":"","overlay-type":"","overlay-color":"","overlay-opacity":"","overlay-gradient":""},"tablet":{"background-color":"var(--ast-global-color-5)","background-image":"","background-repeat":"repeat","background-position":"center center","background-size":"auto","background-attachment":"scroll","background-type":"","background-media":"","overlay-type":"","overlay-color":"","overlay-opacity":"","overlay-gradient":""},"mobile":{"background-color":"var(--ast-global-color-5)","background-image":"","background-repeat":"repeat","background-position":"center center","background-size":"auto","background-attachment":"scroll","background-type":"","background-media":"","overlay-type":"","overlay-color":"","overlay-opacity":"","overlay-gradient":""}}},"product_brand":[],"product_cat":[813,708],"product_tag":[2544,1344,2547,2581,2536,2552,1708,1314,2537,2585,2583,2586,2548,2582,2584,2546,2574,2545,2541,2534,2542,2543],"class_list":{"0":"post-13232","1":"product","2":"type-product","3":"status-publish","4":"has-post-thumbnail","6":"product_cat-aromes","7":"product_cat-bain-de-vapeur","8":"product_tag-aromatherapie-fr","9":"product_tag-detente","10":"product_tag-eau-parfumee","11":"product_tag-effe-terra-fr","12":"product_tag-effegibi-fr","13":"product_tag-experience-olfactive","14":"product_tag-explorez-votre-mode-de-vie","15":"product_tag-gervi-fr","16":"product_tag-le-bien-etre-parfait","17":"product_tag-odeur-de-benjoin","18":"product_tag-odeur-de-citron","19":"product_tag-odeur-de-coriandre","20":"product_tag-parfum-apaisant","21":"product_tag-parfum-de-vetiver","22":"product_tag-parfum-patchouli","23":"product_tag-parfum-pour-bain-de-vapeur","24":"product_tag-parfum-vivifiant","25":"product_tag-parfums","26":"product_tag-parfums-biologiques","27":"product_tag-parfums-pour-bain-de-vapeur","28":"product_tag-produits-de-bien-etre","29":"product_tag-rituel-olfactif","30":"desktop-align-left","31":"tablet-align-left","32":"mobile-align-left","34":"first","35":"instock","36":"sale","37":"purchasable","38":"product-type-simple"},"acf":[],"uagb_featured_image_src":{"full":["https:\/\/gervi.be\/wp-content\/uploads\/2023\/08\/Perfect-Wellness-Terra-Effe-Gervi.jpg",1000,1000,false],"thumbnail":["https:\/\/gervi.be\/wp-content\/uploads\/2023\/08\/Perfect-Wellness-Terra-Effe-Gervi-150x150.jpg",150,150,true],"medium":["https:\/\/gervi.be\/wp-content\/uploads\/2023\/08\/Perfect-Wellness-Terra-Effe-Gervi-300x300.jpg",300,300,true],"medium_large":["https:\/\/gervi.be\/wp-content\/uploads\/2023\/08\/Perfect-Wellness-Terra-Effe-Gervi-768x768.jpg",768,768,true],"large":["https:\/\/gervi.be\/wp-content\/uploads\/2023\/08\/Perfect-Wellness-Terra-Effe-Gervi.jpg",1000,1000,false],"1536x1536":["https:\/\/gervi.be\/wp-content\/uploads\/2023\/08\/Perfect-Wellness-Terra-Effe-Gervi.jpg",1000,1000,false],"2048x2048":["https:\/\/gervi.be\/wp-content\/uploads\/2023\/08\/Perfect-Wellness-Terra-Effe-Gervi.jpg",1000,1000,false],"woocommerce_thumbnail":["https:\/\/gervi.be\/wp-content\/uploads\/2023\/08\/Perfect-Wellness-Terra-Effe-Gervi.jpg",1000,1000,false],"woocommerce_single":["https:\/\/gervi.be\/wp-content\/uploads\/2023\/08\/Perfect-Wellness-Terra-Effe-Gervi.jpg",1000,1000,false],"woocommerce_gallery_thumbnail":["https:\/\/gervi.be\/wp-content\/uploads\/2023\/08\/Perfect-Wellness-Terra-Effe-Gervi-100x100.jpg",100,100,true],"dgwt-wcas-product-suggestion":["https:\/\/gervi.be\/wp-content\/uploads\/2023\/08\/Perfect-Wellness-Terra-Effe-Gervi.jpg",64,64,false]},"uagb_author_info":{"display_name":"Marjolein Nijs","author_link":"https:\/\/gervi.be\/fr\/author\/"},"uagb_comment_info":0,"uagb_excerpt":"Contenu : 50 ml Profil du parfum : Notes profondes de v\u00e9tiver et de citron, avec du patchouli, du benjoin et de la coriandre. Ingr\u00e9dients : 100% biologiques et naturels Effets : Calmant, revigorant et ancr\u00e9 dans le sol, id\u00e9al pour une relaxation profonde et un rafra\u00eechissement.","_links":{"self":[{"href":"https:\/\/gervi.be\/fr\/wp-json\/wp\/v2\/product\/13232","targetHints":{"allow":["GET"]}}],"collection":[{"href":"https:\/\/gervi.be\/fr\/wp-json\/wp\/v2\/product"}],"about":[{"href":"https:\/\/gervi.be\/fr\/wp-json\/wp\/v2\/types\/product"}],"wp:featuredmedia":[{"embeddable":true,"href":"https:\/\/gervi.be\/fr\/wp-json\/wp\/v2\/media\/24882"}],"wp:attachment":[{"href":"https:\/\/gervi.be\/fr\/wp-json\/wp\/v2\/media?parent=13232"}],"wp:term":[{"taxonomy":"product_brand","embeddable":true,"href":"https:\/\/gervi.be\/fr\/wp-json\/wp\/v2\/product_brand?post=13232"},{"taxonomy":"product_cat","embeddable":true,"href":"https:\/\/gervi.be\/fr\/wp-json\/wp\/v2\/product_cat?post=13232"},{"taxonomy":"product_tag","embeddable":true,"href":"https:\/\/gervi.be\/fr\/wp-json\/wp\/v2\/product_tag?post=13232"}],"curies":[{"name":"wp","href":"https:\/\/api.w.org\/{rel}","templated":true}]}}

<p><img decoding="async" class="alignnone wp-image-16832" src="https://gervi.be/wp-content/uploads/2023/12/Effe-300x160.png" alt="Logo Effe" width="150" height="80" title="" srcset="https://gervi.be/wp-content/uploads/2023/12/Effe-300x160.png 300w, https://gervi.be/wp-content/uploads/2023/12/Effe.png 322w" sizes="(max-width: 150px) 100vw, 150px" /></p>
<h2>Description</h2>
<p>Effe Terra, développé par Effegibi, est un parfum exclusif pour les bains de vapeur qui combine des notes profondes et terreuses avec du citron rafraîchissant. Le vétiver enveloppe le corps et procure une sensation de calme et d&#8217;ancrage, tandis que le patchouli apporte apaisement et sensualité. La douceur du benjoin et la fraîcheur épicée de la coriandre augmentent la complexité de ce parfum, offrant un arôme riche et intense, parfait pour la relaxation et le rafraîchissement.</p>
<p>Effe Terra est biologique et composé d&#8217;ingrédients naturels, ce qui le rend sans danger pour la peau et l&#8217;environnement. Le parfum pour bain de vapeur est facile à utiliser dans n&#8217;importe quel bain de vapeur. Ajoutez ce parfum à votre rituel de bien-être pour créer une expérience de bien-être luxueuse comme un véritable bain de vapeur turc à la maison.</p>
<p>Ce parfum vous aide à vous reconnecter à votre corps et à ses besoins, idéal pour ceux qui recherchent une relaxation profonde et ancrée. Effe Terra offre un équilibre harmonieux entre tranquillité et renouvellement, faisant de chaque séance de bain de vapeur un moment de pur plaisir. Découvrez le pouvoir des parfums naturels avec Effe Terra.</p>

<ul>
<li>Contenu : 50 ml</li>
<li>Profil du parfum : Notes profondes de vétiver et de citron, avec du patchouli, du benjoin et de la coriandre.</li>
<li>Ingrédients : 100% biologiques et naturels</li>
<li>Effets : Calmant, revigorant et ancré dans le sol, idéal pour une relaxation profonde et un rafraîchissement.</li>
</ul>

Contenu : 50 ml Profil du parfum : Notes profondes de vétiver et de citron, avec du patchouli, du benjoin et de la coriandre. Ingrédients : 100% biologiques et naturels Effets : Calmant, revigorant et ancré dans le sol, idéal pour une relaxation profonde et un rafraîchissement.
