{"id":13137,"date":"2023-08-29T13:48:31","date_gmt":"2023-08-29T13:48:31","guid":{"rendered":"https:\/\/gervi.be\/shop\/pomme-cannelle-1l\/"},"modified":"2026-04-20T10:14:16","modified_gmt":"2026-04-20T08:14:16","slug":"pomme-cannelle-1l","status":"publish","type":"product","link":"https:\/\/gervi.be\/fr\/produit\/pomme-cannelle-1l\/","title":{"rendered":"Pomme-cannelle (1 l)"},"content":{"rendered":"<p>&nbsp;<\/p>\n<h2><a href=\"https:\/\/gervi.be\/fr\/marques\/klafs\/\"><img decoding=\"async\" class=\"alignleft wp-image-17003\" src=\"https:\/\/gervi.be\/wp-content\/uploads\/2023\/12\/Klafs-logo-300x115.png\" alt=\"Logo Klafs\" width=\"150\" height=\"57\" title=\"\" srcset=\"https:\/\/gervi.be\/wp-content\/uploads\/2023\/12\/Klafs-logo-300x115.png 300w, https:\/\/gervi.be\/wp-content\/uploads\/2023\/12\/Klafs-logo-1024x393.png 1024w, https:\/\/gervi.be\/wp-content\/uploads\/2023\/12\/Klafs-logo-768x294.png 768w, https:\/\/gervi.be\/wp-content\/uploads\/2023\/12\/Klafs-logo-600x230.png 600w, https:\/\/gervi.be\/wp-content\/uploads\/2023\/12\/Klafs-logo.png 1200w\" sizes=\"(max-width: 150px) 100vw, 150px\" \/><\/a><\/h2>\n<p>&nbsp;<\/p>\n<p>&nbsp;<\/p>\n<h2>Description<\/h2>\n<p>Le parfum pour sauna Pomme-Cannelle associe la fra\u00eecheur de la pomme \u00e0 la chaleur de la cannelle pour cr\u00e9er une atmosph\u00e8re accueillante et chaleureuse dans le sauna. Parfait pour les amateurs d&#8217;ar\u00f4mes sucr\u00e9s et \u00e9pic\u00e9s, ce parfum offre une agr\u00e9able sensation de chaleur qui contribue \u00e0 une s\u00e9ance de sauna relaxante et confortable. Les notes vives de la pomme m\u00e9lang\u00e9es aux notes riches et terreuses de la cannelle cr\u00e9ent un \u00e9quilibre \u00e0 la fois rafra\u00eechissant et apaisant.<\/p>\n<p>Pour appliquer le parfum Pomme\/Cannelle pour sauna, il est recommand\u00e9 de m\u00e9langer environ 10 millilitres du concentr\u00e9 de parfum \u00e0 un litre d&#8217;eau. Ce m\u00e9lange doit \u00eatre bien remu\u00e9 pour que les huiles essentielles se r\u00e9partissent uniform\u00e9ment. D\u00e8s qu&#8217;il est vers\u00e9 sur les pierres chaudes du sauna, une \u00e9vaporation rapide se produit, garantissant une diffusion compl\u00e8te et durable du parfum.<\/p>\n<p>La composition du parfum Apple-Cinnamon est soigneusement \u00e9quilibr\u00e9e avec des notes de t\u00eate, de c\u0153ur et de fond qui, ensemble, cr\u00e9ent un ar\u00f4me harmonieux et durable. Les huiles essentielles naturelles contenues dans ce concentr\u00e9 sont de haute qualit\u00e9 et s&#8217;\u00e9vaporent compl\u00e8tement, ne laissant aucun r\u00e9sidu sur les pierres du sauna, offrant ainsi une exp\u00e9rience d&#8217;utilisation propre et pratique.<\/p>\n<p>Cet ar\u00f4me est enti\u00e8rement v\u00e9g\u00e9talien et a \u00e9t\u00e9 d\u00e9velopp\u00e9 sans tests sur les animaux, ce qui en fait un choix \u00e9thique pour les consommateurs. Fabriqu\u00e9 en Allemagne, le parfum pour sauna Pomme-Cannelle r\u00e9pond \u00e0 des normes de qualit\u00e9 \u00e9lev\u00e9es et \u00e0 des processus de production respectueux de l&#8217;environnement, avec un impact minimal sur l&#8217;environnement en \u00e9vitant les longs itin\u00e9raires de transport.<\/p>\n<p>Sp\u00e9cialement con\u00e7u pour \u00eatre utilis\u00e9 dans les saunas traditionnels et les sanariums, le parfum Pomme-Cannelle peut \u00eatre appliqu\u00e9 de mani\u00e8re optimale en pla\u00e7ant le m\u00e9lange dans un calice d&#8217;ar\u00f4mes ou un bol de parfums, en fonction de l&#8217;intensit\u00e9 souhait\u00e9e. Cette m\u00e9thode garantit que la combinaison de la pomme et de la cannelle remplit la pi\u00e8ce pendant longtemps, enrichissant chaque s\u00e9ance de sauna d&#8217;une exp\u00e9rience olfactive agr\u00e9able et chaleureuse.<\/p>\n<p>&nbsp;<\/p>\n","protected":false},"excerpt":{"rendered":"<ul>\n<li>Contenu : 1 litre<\/li>\n<li>V\u00e9g\u00e9talien<\/li>\n<li>D\u00e9velopp\u00e9 sans tests sur les animaux<\/li>\n<li>Fabriqu\u00e9 en Allemagne<\/li>\n<\/ul>\n","protected":false},"featured_media":25572,"template":"","meta":{"_acf_changed":false,"_uag_custom_page_level_css":"","site-sidebar-layout":"default","site-content-layout":"","ast-site-content-layout":"default","site-content-style":"default","site-sidebar-style":"default","ast-global-header-display":"","ast-banner-title-visibility":"","ast-main-header-display":"","ast-hfb-above-header-display":"","ast-hfb-below-header-display":"","ast-hfb-mobile-header-display":"","site-post-title":"","ast-breadcrumbs-content":"","ast-featured-img":"","footer-sml-layout":"","ast-disable-related-posts":"","theme-transparent-header-meta":"default","adv-header-id-meta":"","stick-header-meta":"","header-above-stick-meta":"","header-main-stick-meta":"","header-below-stick-meta":"","astra-migrate-meta-layouts":"default","ast-page-background-enabled":"default","ast-page-background-meta":{"desktop":{"background-color":"","background-image":"","background-repeat":"repeat","background-position":"center center","background-size":"auto","background-attachment":"scroll","background-type":"","background-media":"","overlay-type":"","overlay-color":"","overlay-opacity":"","overlay-gradient":""},"tablet":{"background-color":"","background-image":"","background-repeat":"repeat","background-position":"center center","background-size":"auto","background-attachment":"scroll","background-type":"","background-media":"","overlay-type":"","overlay-color":"","overlay-opacity":"","overlay-gradient":""},"mobile":{"background-color":"","background-image":"","background-repeat":"repeat","background-position":"center center","background-size":"auto","background-attachment":"scroll","background-type":"","background-media":"","overlay-type":"","overlay-color":"","overlay-opacity":"","overlay-gradient":""}},"ast-content-background-meta":{"desktop":{"background-color":"var(--ast-global-color-5)","background-image":"","background-repeat":"repeat","background-position":"center center","background-size":"auto","background-attachment":"scroll","background-type":"","background-media":"","overlay-type":"","overlay-color":"","overlay-opacity":"","overlay-gradient":""},"tablet":{"background-color":"var(--ast-global-color-5)","background-image":"","background-repeat":"repeat","background-position":"center center","background-size":"auto","background-attachment":"scroll","background-type":"","background-media":"","overlay-type":"","overlay-color":"","overlay-opacity":"","overlay-gradient":""},"mobile":{"background-color":"var(--ast-global-color-5)","background-image":"","background-repeat":"repeat","background-position":"center center","background-size":"auto","background-attachment":"scroll","background-type":"","background-media":"","overlay-type":"","overlay-color":"","overlay-opacity":"","overlay-gradient":""}}},"product_brand":[],"product_cat":[786,3367,643],"product_tag":[3293,3290,3301,3227,3229,3296,3243,3237,3268,3242,3297,1708,3238,1314,3232,1339,3294,1341,3298,3291,3228,1343,3289,3230,3300,3236,1357,3292,3295,3299],"class_list":{"0":"post-13137","1":"product","2":"type-product","3":"status-publish","4":"has-post-thumbnail","6":"product_cat-aromes-pour-le-sauna","7":"product_cat-parfums-de-maquillage-pour-sauna","8":"product_cat-sauna-fr","9":"product_tag-aromatherapie-avec-la-pomme-cannelle","10":"product_tag-arome-epice-du-sauna","11":"product_tag-arome-rafraichissant-du-sauna","12":"product_tag-aromes","13":"product_tag-aromes-pour-sauna","14":"product_tag-bien-etre-de-la-pomme","15":"product_tag-bien-etre-et-spa","16":"product_tag-cosmetiques-sans-animaux","17":"product_tag-diffusion-prolongee-des-odeurs","18":"product_tag-effets-de-purification-de-lair","19":"product_tag-experience-de-sauna-chaud","20":"product_tag-explorez-votre-mode-de-vie","21":"product_tag-fabrique-en-allemagne","22":"product_tag-gervi-fr","23":"product_tag-huiles-essentielles","24":"product_tag-klafs-fr","25":"product_tag-notes-de-parfum-douces-et-epicees","26":"product_tag-odeur","27":"product_tag-odeur-agreable","28":"product_tag-parfum-de-pomme-relaxant","29":"product_tag-parfum-de-sauna-fr","30":"product_tag-parfum-de-sauna","31":"product_tag-parfum-de-sauna-pomme-cannelle","32":"product_tag-parfums-pour-sauna","33":"product_tag-produit-de-parfumerie-de-luxe","34":"product_tag-produits-de-sauna-vegetaliens","35":"product_tag-sauna-fr","36":"product_tag-senteurs-naturelles-de-cannelle","37":"product_tag-une-experience-olfactive-harmonieuse","38":"product_tag-utilisation-propre-du-sauna","39":"desktop-align-left","40":"tablet-align-left","41":"mobile-align-left","43":"first","44":"instock","45":"purchasable","46":"product-type-simple"},"acf":[],"uagb_featured_image_src":{"full":["https:\/\/gervi.be\/wp-content\/uploads\/2023\/08\/Aromas-voor-Sauna-Appel-kaneel-KLAFS-Gervi.jpg",2000,2000,false],"thumbnail":["https:\/\/gervi.be\/wp-content\/uploads\/2023\/08\/Aromas-voor-Sauna-Appel-kaneel-KLAFS-Gervi-150x150.jpg",150,150,true],"medium":["https:\/\/gervi.be\/wp-content\/uploads\/2023\/08\/Aromas-voor-Sauna-Appel-kaneel-KLAFS-Gervi-300x300.jpg",300,300,true],"medium_large":["https:\/\/gervi.be\/wp-content\/uploads\/2023\/08\/Aromas-voor-Sauna-Appel-kaneel-KLAFS-Gervi-768x768.jpg",768,768,true],"large":["https:\/\/gervi.be\/wp-content\/uploads\/2023\/08\/Aromas-voor-Sauna-Appel-kaneel-KLAFS-Gervi-1024x1024.jpg",1024,1024,true],"1536x1536":["https:\/\/gervi.be\/wp-content\/uploads\/2023\/08\/Aromas-voor-Sauna-Appel-kaneel-KLAFS-Gervi-1536x1536.jpg",1536,1536,true],"2048x2048":["https:\/\/gervi.be\/wp-content\/uploads\/2023\/08\/Aromas-voor-Sauna-Appel-kaneel-KLAFS-Gervi.jpg",2000,2000,false],"woocommerce_thumbnail":["https:\/\/gervi.be\/wp-content\/uploads\/2023\/08\/Aromas-voor-Sauna-Appel-kaneel-KLAFS-Gervi-2000x1500.jpg",2000,1500,true],"woocommerce_single":["https:\/\/gervi.be\/wp-content\/uploads\/2023\/08\/Aromas-voor-Sauna-Appel-kaneel-KLAFS-Gervi.jpg",2000,2000,false],"woocommerce_gallery_thumbnail":["https:\/\/gervi.be\/wp-content\/uploads\/2023\/08\/Aromas-voor-Sauna-Appel-kaneel-KLAFS-Gervi-100x100.jpg",100,100,true],"dgwt-wcas-product-suggestion":["https:\/\/gervi.be\/wp-content\/uploads\/2023\/08\/Aromas-voor-Sauna-Appel-kaneel-KLAFS-Gervi.jpg",64,64,false]},"uagb_author_info":{"display_name":"Marjolein Nijs","author_link":"https:\/\/gervi.be\/fr\/author\/"},"uagb_comment_info":0,"uagb_excerpt":"Contenu : 1 litre V\u00e9g\u00e9talien D\u00e9velopp\u00e9 sans tests sur les animaux Fabriqu\u00e9 en Allemagne","_links":{"self":[{"href":"https:\/\/gervi.be\/fr\/wp-json\/wp\/v2\/product\/13137","targetHints":{"allow":["GET"]}}],"collection":[{"href":"https:\/\/gervi.be\/fr\/wp-json\/wp\/v2\/product"}],"about":[{"href":"https:\/\/gervi.be\/fr\/wp-json\/wp\/v2\/types\/product"}],"wp:featuredmedia":[{"embeddable":true,"href":"https:\/\/gervi.be\/fr\/wp-json\/wp\/v2\/media\/25572"}],"wp:attachment":[{"href":"https:\/\/gervi.be\/fr\/wp-json\/wp\/v2\/media?parent=13137"}],"wp:term":[{"taxonomy":"product_brand","embeddable":true,"href":"https:\/\/gervi.be\/fr\/wp-json\/wp\/v2\/product_brand?post=13137"},{"taxonomy":"product_cat","embeddable":true,"href":"https:\/\/gervi.be\/fr\/wp-json\/wp\/v2\/product_cat?post=13137"},{"taxonomy":"product_tag","embeddable":true,"href":"https:\/\/gervi.be\/fr\/wp-json\/wp\/v2\/product_tag?post=13137"}],"curies":[{"name":"wp","href":"https:\/\/api.w.org\/{rel}","templated":true}]}}

<p>&nbsp;</p>
<h2><a href="https://gervi.be/fr/marques/klafs/"><img decoding="async" class="alignleft wp-image-17003" src="https://gervi.be/wp-content/uploads/2023/12/Klafs-logo-300x115.png" alt="Logo Klafs" width="150" height="57" title="" srcset="https://gervi.be/wp-content/uploads/2023/12/Klafs-logo-300x115.png 300w, https://gervi.be/wp-content/uploads/2023/12/Klafs-logo-1024x393.png 1024w, https://gervi.be/wp-content/uploads/2023/12/Klafs-logo-768x294.png 768w, https://gervi.be/wp-content/uploads/2023/12/Klafs-logo-600x230.png 600w, https://gervi.be/wp-content/uploads/2023/12/Klafs-logo.png 1200w" sizes="(max-width: 150px) 100vw, 150px" /></a></h2>
<p>&nbsp;</p>
<p>&nbsp;</p>
<h2>Description</h2>
<p>Le parfum pour sauna Pomme-Cannelle associe la fraîcheur de la pomme à la chaleur de la cannelle pour créer une atmosphère accueillante et chaleureuse dans le sauna. Parfait pour les amateurs d&#8217;arômes sucrés et épicés, ce parfum offre une agréable sensation de chaleur qui contribue à une séance de sauna relaxante et confortable. Les notes vives de la pomme mélangées aux notes riches et terreuses de la cannelle créent un équilibre à la fois rafraîchissant et apaisant.</p>
<p>Pour appliquer le parfum Pomme/Cannelle pour sauna, il est recommandé de mélanger environ 10 millilitres du concentré de parfum à un litre d&#8217;eau. Ce mélange doit être bien remué pour que les huiles essentielles se répartissent uniformément. Dès qu&#8217;il est versé sur les pierres chaudes du sauna, une évaporation rapide se produit, garantissant une diffusion complète et durable du parfum.</p>
<p>La composition du parfum Apple-Cinnamon est soigneusement équilibrée avec des notes de tête, de cœur et de fond qui, ensemble, créent un arôme harmonieux et durable. Les huiles essentielles naturelles contenues dans ce concentré sont de haute qualité et s&#8217;évaporent complètement, ne laissant aucun résidu sur les pierres du sauna, offrant ainsi une expérience d&#8217;utilisation propre et pratique.</p>
<p>Cet arôme est entièrement végétalien et a été développé sans tests sur les animaux, ce qui en fait un choix éthique pour les consommateurs. Fabriqué en Allemagne, le parfum pour sauna Pomme-Cannelle répond à des normes de qualité élevées et à des processus de production respectueux de l&#8217;environnement, avec un impact minimal sur l&#8217;environnement en évitant les longs itinéraires de transport.</p>
<p>Spécialement conçu pour être utilisé dans les saunas traditionnels et les sanariums, le parfum Pomme-Cannelle peut être appliqué de manière optimale en plaçant le mélange dans un calice d&#8217;arômes ou un bol de parfums, en fonction de l&#8217;intensité souhaitée. Cette méthode garantit que la combinaison de la pomme et de la cannelle remplit la pièce pendant longtemps, enrichissant chaque séance de sauna d&#8217;une expérience olfactive agréable et chaleureuse.</p>
<p>&nbsp;</p>

<ul>
<li>Contenu : 1 litre</li>
<li>Végétalien</li>
<li>Développé sans tests sur les animaux</li>
<li>Fabriqué en Allemagne</li>
</ul>

Contenu : 1 litre Végétalien Développé sans tests sur les animaux Fabriqué en Allemagne
